47.128.62.243 - - [01/Jun/2026:20:09:11 +0530] "GET /_autoindex/assets/icons/file.svg HTTP/2" 304 0 "https://steservicesltd.com/config/" "Mozilla/5.0 (Linux; Android 5.0) AppleWebKit/537.36 (KHTML, like Gecko) Mobile Safari/537.36 (compatible; Bytespider; spider-feedback@bytedance.com)"
47.128.62.200 - - [01/Jun/2026:20:08:02 +0530] "GET /amor/images/t-shirt-pro2.jpg HTTP/2" 206 145170 "https://steservicesltd.com/amor/" "Mozilla/5.0 (Linux; Android 5.0) AppleWebKit/537.36 (KHTML, like Gecko) Mobile Safari/537.36 (compatible; Bytespider; spider-feedback@bytedance.com)"
47.128.62.200 - - [01/Jun/2026:20:08:02 +0530] "GET /amor/images/pro2.jpg HTTP/2" 206 141364 "https://steservicesltd.com/amor/" "Mozilla/5.0 (Linux; Android 5.0) AppleWebKit/537.36 (KHTML, like Gecko) Mobile Safari/537.36 (compatible; Bytespider; spider-feedback@bytedance.com)"
47.128.62.200 - - [01/Jun/2026:20:08:03 +0530] "GET /amor/images/protein-pro2.jpg HTTP/2" 206 85806 "https://steservicesltd.com/amor/" "Mozilla/5.0 (Linux; Android 5.0) AppleWebKit/537.36 (KHTML, like Gecko) Mobile Safari/537.36 (compatible; Bytespider; spider-feedback@bytedance.com)"
47.128.62.200 - - [01/Jun/2026:20:08:03 +0530] "GET /amor/images/protein-pro1.jpg HTTP/2" 206 214297 "https://steservicesltd.com/amor/" "Mozilla/5.0 (Linux; Android 5.0) AppleWebKit/537.36 (KHTML, like Gecko) Mobile Safari/537.36 (compatible; Bytespider; spider-feedback@bytedance.com)"
47.128.62.200 - - [01/Jun/2026:20:08:03 +0530] "GET /amor/images/logo-dark.svg HTTP/2" 206 13159 "https://steservicesltd.com/amor/" "Mozilla/5.0 (Linux; Android 5.0) AppleWebKit/537.36 (KHTML, like Gecko) Mobile Safari/537.36 (compatible; Bytespider; spider-feedback@bytedance.com)"
47.128.62.249 - - [01/Jun/2026:20:08:46 +0530] "GET /resources/ HTTP/2" 200 744 "-" "Mozilla/5.0 (Linux; Android 5.0) AppleWebKit/537.36 (KHTML, like Gecko) Mobile Safari/537.36 (compatible; Bytespider; spider-feedback@bytedance.com)"
47.128.62.249 - - [01/Jun/2026:20:08:46 +0530] "GET /_autoindex/assets/css/autoindex.css HTTP/2" 200 1170 "https://steservicesltd.com/resources/" "Mozilla/5.0 (Linux; Android 5.0) AppleWebKit/537.36 (KHTML, like Gecko) Mobile Safari/537.36 (compatible; Bytespider; spider-feedback@bytedance.com)"
47.128.62.249 - - [01/Jun/2026:20:08:46 +0530] "GET /_autoindex/assets/icons/folder-fill.svg HTTP/2" 206 500 "https://steservicesltd.com/resources/" "Mozilla/5.0 (Linux; Android 5.0) AppleWebKit/537.36 (KHTML, like Gecko) Mobile Safari/537.36 (compatible; Bytespider; spider-feedback@bytedance.com)"
47.128.62.249 - - [01/Jun/2026:20:08:46 +0530] "GET /_autoindex/assets/icons/file-text.svg HTTP/2" 206 500 "https://steservicesltd.com/resources/" "Mozilla/5.0 (Linux; Android 5.0) AppleWebKit/537.36 (KHTML, like Gecko) Mobile Safari/537.36 (compatible; Bytespider; spider-feedback@bytedance.com)"
47.128.62.249 - - [01/Jun/2026:20:08:46 +0530] "GET /_autoindex/assets/icons/file-text.svg HTTP/2" 304 0 "https://steservicesltd.com/resources/" "Mozilla/5.0 (Linux; Android 5.0) AppleWebKit/537.36 (KHTML, like Gecko) Mobile Safari/537.36 (compatible; Bytespider; spider-feedback@bytedance.com)"
47.128.62.249 - - [01/Jun/2026:20:08:47 +0530] "GET /_autoindex/assets/icons/folder-fill.svg HTTP/2" 304 0 "https://steservicesltd.com/resources/" "Mozilla/5.0 (Linux; Android 5.0) AppleWebKit/537.36 (KHTML, like Gecko) Mobile Safari/537.36 (compatible; Bytespider; spider-feedback@bytedance.com)"
47.128.62.249 - - [01/Jun/2026:20:08:47 +0530] "GET /_autoindex/assets/icons/file-text.svg HTTP/2" 206 268 "https://steservicesltd.com/resources/" "Mozilla/5.0 (Linux; Android 5.0) AppleWebKit/537.36 (KHTML, like Gecko) Mobile Safari/537.36 (compatible; Bytespider; spider-feedback@bytedance.com)"
47.128.62.249 - - [01/Jun/2026:20:08:47 +0530] "GET /_autoindex/assets/icons/folder-fill.svg HTTP/2" 206 91 "https://steservicesltd.com/resources/" "Mozilla/5.0 (Linux; Android 5.0) AppleWebKit/537.36 (KHTML, like Gecko) Mobile Safari/537.36 (compatible; Bytespider; spider-feedback@bytedance.com)"
47.128.62.240 - - [01/Jun/2026:20:10:23 +0530] "GET /wp-blog-header.php HTTP/2" 200 0 "-" "Mozilla/5.0 (Linux; Android 5.0) AppleWebKit/537.36 (KHTML, like Gecko) Mobile Safari/537.36 (compatible; Bytespider; spider-feedback@bytedance.com)"
47.128.119.159 - - [01/Jun/2026:20:08:26 +0530] "GET /amor/images/pro2.jpg HTTP/2" 304 0 "https://steservicesltd.com/amor/" "Mozilla/5.0 (Linux; Android 5.0) AppleWebKit/537.36 (KHTML, like Gecko) Mobile Safari/537.36 (compatible; TikTokSpider; ttspider-feedback@tiktok.com)"
47.128.119.159 - - [01/Jun/2026:20:08:26 +0530] "GET /amor/images/protein-pro2.jpg HTTP/2" 304 0 "https://steservicesltd.com/amor/" "Mozilla/5.0 (Linux; Android 5.0) AppleWebKit/537.36 (KHTML, like Gecko) Mobile Safari/537.36 (compatible; TikTokSpider; ttspider-feedback@tiktok.com)"
47.128.119.159 - - [01/Jun/2026:20:08:26 +0530] "GET /amor/images/logo-dark.svg HTTP/2" 304 0 "https://steservicesltd.com/amor/" "Mozilla/5.0 (Linux; Android 5.0) AppleWebKit/537.36 (KHTML, like Gecko) Mobile Safari/537.36 (compatible; TikTokSpider; ttspider-feedback@tiktok.com)"
47.128.119.159 - - [01/Jun/2026:20:08:26 +0530] "GET /amor/images/protein-pro1.jpg HTTP/2" 304 0 "https://steservicesltd.com/amor/" "Mozilla/5.0 (Linux; Android 5.0) AppleWebKit/537.36 (KHTML, like Gecko) Mobile Safari/537.36 (compatible; TikTokSpider; ttspider-feedback@tiktok.com)"
47.128.119.159 - - [01/Jun/2026:20:08:26 +0530] "GET /amor/images/product_3.jpg HTTP/2" 206 77588 "https://steservicesltd.com/amor/" "Mozilla/5.0 (Linux; Android 5.0) AppleWebKit/537.36 (KHTML, like Gecko) Mobile Safari/537.36 (compatible; TikTokSpider; ttspider-feedback@tiktok.com)"
47.128.119.159 - - [01/Jun/2026:20:08:26 +0530] "GET /amor/images/product_4.jpg HTTP/2" 206 78267 "https://steservicesltd.com/amor/" "Mozilla/5.0 (Linux; Android 5.0) AppleWebKit/537.36 (KHTML, like Gecko) Mobile Safari/537.36 (compatible; TikTokSpider; ttspider-feedback@tiktok.com)"
47.128.119.159 - - [01/Jun/2026:20:08:26 +0530] "GET /amor/images/t-shirt-pro1.jpg HTTP/2" 206 147928 "https://steservicesltd.com/amor/" "Mozilla/5.0 (Linux; Android 5.0) AppleWebKit/537.36 (KHTML, like Gecko) Mobile Safari/537.36 (compatible; TikTokSpider; ttspider-feedback@tiktok.com)"
47.128.119.159 - - [01/Jun/2026:20:08:26 +0530] "GET /amor/images/t-shirt-pro2.jpg HTTP/2" 206 145170 "https://steservicesltd.com/amor/" "Mozilla/5.0 (Linux; Android 5.0) AppleWebKit/537.36 (KHTML, like Gecko) Mobile Safari/537.36 (compatible; TikTokSpider; ttspider-feedback@tiktok.com)"
47.128.119.159 - - [01/Jun/2026:20:08:26 +0530] "GET /amor/images/logo-dark.svg HTTP/2" 206 13159 "https://steservicesltd.com/amor/" "Mozilla/5.0 (Linux; Android 5.0) AppleWebKit/537.36 (KHTML, like Gecko) Mobile Safari/537.36 (compatible; TikTokSpider; ttspider-feedback@tiktok.com)"
47.128.119.159 - - [01/Jun/2026:20:08:26 +0530] "GET /amor/images/pro2.jpg HTTP/2" 206 141364 "https://steservicesltd.com/amor/" "Mozilla/5.0 (Linux; Android 5.0) AppleWebKit/537.36 (KHTML, like Gecko) Mobile Safari/537.36 (compatible; TikTokSpider; ttspider-feedback@tiktok.com)"
47.128.119.159 - - [01/Jun/2026:20:08:26 +0530] "GET /amor/images/protein-pro2.jpg HTTP/2" 206 85806 "https://steservicesltd.com/amor/" "Mozilla/5.0 (Linux; Android 5.0) AppleWebKit/537.36 (KHTML, like Gecko) Mobile Safari/537.36 (compatible; TikTokSpider; ttspider-feedback@tiktok.com)"
47.128.119.159 - - [01/Jun/2026:20:08:26 +0530] "GET /amor/images/protein-pro1.jpg HTTP/2" 206 214297 "https://steservicesltd.com/amor/" "Mozilla/5.0 (Linux; Android 5.0) AppleWebKit/537.36 (KHTML, like Gecko) Mobile Safari/537.36 (compatible; TikTokSpider; ttspider-feedback@tiktok.com)"
47.128.119.196 - - [01/Jun/2026:20:10:02 +0530] "GET /113eba9b/ HTTP/2" 200 682 "-" "Mozilla/5.0 (Linux; Android 5.0) AppleWebKit/537.36 (KHTML, like Gecko) Mobile Safari/537.36 (compatible; TikTokSpider; ttspider-feedback@tiktok.com)"
107.174.12.103 - - [01/Jun/2026:20:13:51 +0530] "GET /cgi-bin/ HTTP/2" 403 1242 "http://www.baidu.com/" "Mozilla/5.0 (Linux; Android 10; K) AppleWebKit/537.36 (KHTML, like Gecko) Chrome/126.0.0.0 Mobile Safari/537.36 EdgA/126.0.0.0"
47.128.62.243 - - [01/Jun/2026:20:09:11 +0530] "GET /_autoindex/assets/icons/corner-left-up.svg HTTP/2" 206 76 "https://steservicesltd.com/config/" "Mozilla/5.0 (Linux; Android 5.0) AppleWebKit/537.36 (KHTML, like Gecko) Mobile Safari/537.36 (compatible; Bytespider; spider-feedback@bytedance.com)"
47.128.62.243 - - [01/Jun/2026:20:09:11 +0530] "GET /_autoindex/assets/icons/file.svg HTTP/2" 206 119 "https://steservicesltd.com/config/" "Mozilla/5.0 (Linux; Android 5.0) AppleWebKit/537.36 (KHTML, like Gecko) Mobile Safari/537.36 (compatible; Bytespider; spider-feedback@bytedance.com)"
47.128.62.203 - - [01/Jun/2026:20:09:34 +0530] "GET /113eba9b/ HTTP/2" 200 682 "-" "Mozilla/5.0 (Linux; Android 5.0) AppleWebKit/537.36 (KHTML, like Gecko) Mobile Safari/537.36 (compatible; Bytespider; spider-feedback@bytedance.com)"
47.128.62.203 - - [01/Jun/2026:20:09:35 +0530] "GET /_autoindex/assets/icons/corner-left-up.svg HTTP/2" 206 500 "https://steservicesltd.com/113eba9b/" "Mozilla/5.0 (Linux; Android 5.0) AppleWebKit/537.36 (KHTML, like Gecko) Mobile Safari/537.36 (compatible; Bytespider; spider-feedback@bytedance.com)"
47.128.62.203 - - [01/Jun/2026:20:09:35 +0530] "GET /_autoindex/assets/css/autoindex.css HTTP/2" 200 1170 "https://steservicesltd.com/113eba9b/" "Mozilla/5.0 (Linux; Android 5.0) AppleWebKit/537.36 (KHTML, like Gecko) Mobile Safari/537.36 (compatible; Bytespider; spider-feedback@bytedance.com)"
47.128.62.203 - - [01/Jun/2026:20:09:35 +0530] "GET /_autoindex/assets/icons/corner-left-up.svg HTTP/2" 304 0 "https://steservicesltd.com/113eba9b/" "Mozilla/5.0 (Linux; Android 5.0) AppleWebKit/537.36 (KHTML, like Gecko) Mobile Safari/537.36 (compatible; Bytespider; spider-feedback@bytedance.com)"
47.128.62.203 - - [01/Jun/2026:20:09:35 +0530] "GET /_autoindex/assets/icons/corner-left-up.svg HTTP/2" 206 76 "https://steservicesltd.com/113eba9b/" "Mozilla/5.0 (Linux; Android 5.0) AppleWebKit/537.36 (KHTML, like Gecko) Mobile Safari/537.36 (compatible; Bytespider; spider-feedback@bytedance.com)"
47.128.62.31 - - [01/Jun/2026:20:12:27 +0530] "GET /tests/ HTTP/2" 200 755 "-" "Mozilla/5.0 (Linux; Android 5.0) AppleWebKit/537.36 (KHTML, like Gecko) Mobile Safari/537.36 (compatible; Bytespider; spider-feedback@bytedance.com)"
47.128.62.31 - - [01/Jun/2026:20:12:28 +0530] "GET /_autoindex/assets/css/autoindex.css HTTP/2" 200 1170 "https://steservicesltd.com/tests/" "Mozilla/5.0 (Linux; Android 5.0) AppleWebKit/537.36 (KHTML, like Gecko) Mobile Safari/537.36 (compatible; Bytespider; spider-feedback@bytedance.com)"
104.238.55.84 - - [01/Jun/2026:20:13:48 +0530] "GET /cgi-bin/ HTTP/2" 403 1242 "https://www.yandex.com/" "Mozilla/5.0 (Linux; Android 13; SM-G770F) AppleWebKit/537.36 (KHTML, like Gecko) Chrome/124.0.6367.179 Mobile Safari/537.36 OPR/82.6.4342.80044"
66.225.199.52 - - [01/Jun/2026:20:13:57 +0530] "GET /cgi-bin/ HTTP/2" 403 1242 "http://www.baidu.com/" "Mozilla/5.0 (Linux; Android 14; Pixel 6 Pro) AppleWebKit/537.36 (KHTML, like Gecko) Chrome/122.0.6261.119 Mobile Safari/537.36 OPR/81.2.4292.78581"
104.222.172.149 - - [01/Jun/2026:20:14:07 +0530] "GET /old_ste_1704/ HTTP/2" 500 0 "https://www.steservicesltd.com/" "Mozilla/5.0 (Linux; Android 8.0; Pixel 2 Build/OPD3.170816.012) AppleWebKit/537.36 (KHTML, like Gecko) Chrome/87.0.4280.88 Mobile Safari/537.36"
142.197.252.207 - - [01/Jun/2026:20:14:08 +0530] "GET / HTTP/1.1" 200 1484 "https://www.bing.com/" "Mozilla/5.0 (Android 15; Mobile; SM-E055F/DS; rv:143.0) Gecko/143.0 Firefox/143.0"
104.37.28.15 - - [01/Jun/2026:20:14:16 +0530] "GET /cgi-bin/ HTTP/2" 403 1242 "https://www.yandex.com/" "Mozilla/5.0 (Linux; U; Android 15; SM-A366B Build/AP3A.240905.015.A2; wv) AppleWebKit/537.36 (KHTML, like Gecko) Version/4.0 Chrome/140.0.7339.51 Mobile Safari/537.36 OPR/94.0.2254.78762"
172.121.129.29 - - [01/Jun/2026:20:14:18 +0530] "GET /old_ste_1704/ HTTP/2" 500 0 "https://www.steservicesltd.com/" "Mozilla/5.0 (Linux; Android 11; SM-S901B) AppleWebKit/537.36 (KHTML, like Gecko) Chrome/112.0.0.0 Mobile Safari/537.36"
47.128.119.196 - - [01/Jun/2026:20:08:01 +0530] "GET /4kinc/assets/img/uk.jpg HTTP/2" 206 500 "https://steservicesltd.com/4kinc/" "Mozilla/5.0 (Linux; Android 5.0) AppleWebKit/537.36 (KHTML, like Gecko) Mobile Safari/537.36 (compatible; TikTokSpider; ttspider-feedback@tiktok.com)"
47.128.119.196 - - [01/Jun/2026:20:08:01 +0530] "GET /4kinc/assets/img/uk.jpg HTTP/2" 304 0 "https://steservicesltd.com/4kinc/" "Mozilla/5.0 (Linux; Android 5.0) AppleWebKit/537.36 (KHTML, like Gecko) Mobile Safari/537.36 (compatible; TikTokSpider; ttspider-feedback@tiktok.com)"
47.128.119.196 - - [01/Jun/2026:20:08:01 +0530] "GET /4kinc/assets/img/uk.jpg HTTP/2" 206 835125 "https://steservicesltd.com/4kinc/" "Mozilla/5.0 (Linux; Android 5.0) AppleWebKit/537.36 (KHTML, like Gecko) Mobile Safari/537.36 (compatible; TikTokSpider; ttspider-feedback@tiktok.com)"
47.128.119.131 - - [01/Jun/2026:20:09:13 +0530] "GET /resources/ HTTP/2" 200 744 "-" "Mozilla/5.0 (Linux; Android 5.0) AppleWebKit/537.36 (KHTML, like Gecko) Mobile Safari/537.36 (compatible; TikTokSpider; ttspider-feedback@tiktok.com)"
47.128.119.145 - - [01/Jun/2026:20:09:38 +0530] "GET /config/ HTTP/2" 200 1198 "-" "Mozilla/5.0 (Linux; Android 5.0) AppleWebKit/537.36 (KHTML, like Gecko) Mobile Safari/537.36 (compatible; TikTokSpider; ttspider-feedback@tiktok.com)"
47.128.62.51 - - [01/Jun/2026:20:11:38 +0530] "GET /cgi-bin/ HTTP/2" 403 1242 "-" "Mozilla/5.0 (Linux; Android 5.0) AppleWebKit/537.36 (KHTML, like Gecko) Mobile Safari/537.36 (compatible; Bytespider; spider-feedback@bytedance.com)"
47.128.119.169 - - [01/Jun/2026:20:12:47 +0530] "GET /tests/ HTTP/2" 200 755 "-" "Mozilla/5.0 (Linux; Android 5.0) AppleWebKit/537.36 (KHTML, like Gecko) Mobile Safari/537.36 (compatible; TikTokSpider; ttspider-feedback@tiktok.com)"
154.28.226.203 - - [01/Jun/2026:20:13:44 +0530] "GET /cgi-bin/ HTTP/2" 403 1242 "https://steservicesltd.com/" "Mozilla/5.0 (Linux; Android 8.0.0; SM-J330G) AppleWebKit/537.36 (KHTML, like Gecko) Chrome/114.0.0.0 Mobile Safari/537.36 EdgA/114.0.1823.74"
154.28.250.43 - - [01/Jun/2026:20:14:00 +0530] "GET /cgi-bin/ HTTP/2" 403 1242 "https://steservicesltd.com/" "Mozilla/5.0 (Linux; Android 14; Pixel 6 Pro) AppleWebKit/537.36 (KHTML, like Gecko) Chrome/122.0.6261.119 Mobile Safari/537.36 OPR/81.2.4292.78581"
104.222.172.149 - - [01/Jun/2026:20:14:06 +0530] "GET / HTTP/2" 200 1751 "-" "Mozilla/5.0 (Linux; Android 8.0; Pixel 2 Build/OPD3.170816.012) AppleWebKit/537.36 (KHTML, like Gecko) Chrome/87.0.4280.88 Mobile Safari/537.36"
142.197.252.207 - - [01/Jun/2026:20:14:10 +0530] "GET /cgi-bin/ HTTP/1.1" 403 1242 "https://www.steservicesltd.com/" "Mozilla/5.0 (Android 15; Mobile; SM-E055F/DS; rv:143.0) Gecko/143.0 Firefox/143.0"
104.232.213.156 - - [01/Jun/2026:20:14:23 +0530] "GET /old_ste_1704/ HTTP/2" 500 0 "https://www.steservicesltd.com/" "Mozilla/5.0 (Linux; Android 8.0.0; SM-J330G) AppleWebKit/537.36 (KHTML, like Gecko) Chrome/114.0.0.0 Mobile Safari/537.36 EdgA/114.0.1823.74"
38.94.189.249 - - [01/Jun/2026:20:14:29 +0530] "GET /cgi-bin/ HTTP/2" 403 1242 "https://www.steservicesltd.com/" "Mozilla/5.0 (Linux; Android 12; SM-S901B) AppleWebKit/537.36 (KHTML, like Gecko) Chrome/112.0.0.0 Mobile Safari/537.36"
104.237.243.82 - - [01/Jun/2026:20:14:47 +0530] "GET /_autoindex/assets/css/autoindex.css HTTP/1.1" 200 1170 "https://www.steservicesltd.com/" "Mozilla/5.0 (Linux; Android 14; Pixel 6 Pro) AppleWebKit/537.36 (KHTML, like Gecko) Chrome/122.0.6261.119 Mobile Safari/537.36 OPR/81.2.4292.78581"
104.237.243.82 - - [01/Jun/2026:20:14:52 +0530] "GET /old_ste_1704/ HTTP/1.1" 500 0 "https://www.yahoo.com/" "Mozilla/5.0 (Linux; Android 14; Pixel 6 Pro) AppleWebKit/537.36 (KHTML, like Gecko) Chrome/122.0.6261.119 Mobile Safari/537.36 OPR/81.2.4292.78581"
107.173.240.208 - - [01/Jun/2026:20:14:56 +0530] "GET /old_ste_1704/ HTTP/2" 500 0 "-" "Mozilla/5.0 (Linux; Android 9; SM-S901B) AppleWebKit/537.36 (KHTML, like Gecko) Chrome/112.0.0.0 Mobile Safari/537.36"
47.128.62.206 - - [01/Jun/2026:20:10:49 +0530] "GET /old_ste_1704/ HTTP/2" 500 0 "-" "Mozilla/5.0 (Linux; Android 5.0) AppleWebKit/537.36 (KHTML, like Gecko) Mobile Safari/537.36 (compatible; Bytespider; spider-feedback@bytedance.com)"
47.128.62.54 - - [01/Jun/2026:20:11:14 +0530] "GET /database/ HTTP/2" 200 1764 "-" "Mozilla/5.0 (Linux; Android 5.0) AppleWebKit/537.36 (KHTML, like Gecko) Mobile Safari/537.36 (compatible; Bytespider; spider-feedback@bytedance.com)"
47.128.62.54 - - [01/Jun/2026:20:11:15 +0530] "GET /database/ HTTP/2" 200 14412 "https://steservicesltd.com/database/" "Mozilla/5.0 (Linux; Android 5.0) AppleWebKit/537.36 (KHTML, like Gecko) Mobile Safari/537.36 (compatible; Bytespider; spider-feedback@bytedance.com)"
47.128.119.160 - - [01/Jun/2026:20:11:28 +0530] "GET /database/ HTTP/2" 200 1762 "-" "Mozilla/5.0 (Linux; Android 5.0) AppleWebKit/537.36 (KHTML, like Gecko) Mobile Safari/537.36 (compatible; TikTokSpider; ttspider-feedback@tiktok.com)"
47.128.119.160 - - [01/Jun/2026:20:11:28 +0530] "GET /database/ HTTP/2" 200 14412 "https://steservicesltd.com/database/" "Mozilla/5.0 (Linux; Android 5.0) AppleWebKit/537.36 (KHTML, like Gecko) Mobile Safari/537.36 (compatible; TikTokSpider; ttspider-feedback@tiktok.com)"
47.128.62.234 - - [01/Jun/2026:20:12:11 +0530] "GET /Site/ HTTP/2" 500 1028 "-" "Mozilla/5.0 (Linux; Android 5.0) AppleWebKit/537.36 (KHTML, like Gecko) Mobile Safari/537.36 (compatible; Bytespider; spider-feedback@bytedance.com)"
47.128.62.29 - - [01/Jun/2026:20:12:51 +0530] "GET /wp-cron.php HTTP/2" 200 0 "-" "Mozilla/5.0 (Linux; Android 5.0) AppleWebKit/537.36 (KHTML, like Gecko) Mobile Safari/537.36 (compatible; Bytespider; spider-feedback@bytedance.com)"
47.128.62.221 - - [01/Jun/2026:20:13:16 +0530] "GET /public/ HTTP/2" 500 87 "-" "Mozilla/5.0 (Linux; Android 5.0) AppleWebKit/537.36 (KHTML, like Gecko) Mobile Safari/537.36 (compatible; Bytespider; spider-feedback@bytedance.com)"
162.251.142.196 - - [01/Jun/2026:20:13:45 +0530] "GET /cgi-bin/ HTTP/2" 403 1242 "https://steservicesltd.com/" "Mozilla/5.0 (Linux; Android 12; SM-S901B) AppleWebKit/537.36 (KHTML, like Gecko) Chrome/112.0.0.0 Mobile Safari/537.36"
104.194.211.98 - - [01/Jun/2026:20:13:55 +0530] "GET /cgi-bin/ HTTP/2" 403 1242 "-" "Mozilla/5.0 (Linux; Android 13; SM-S901B) AppleWebKit/537.36 (KHTML, like Gecko) Chrome/112.0.0.0 Mobile Safari/537.36"
86.148.115.122 - - [01/Jun/2026:20:14:03 +0530] "GET /cgi-bin/ HTTP/2" 403 1242 "-" "Mozilla/5.0 (Linux; Android 14; SM-A528B) AppleWebKit/537.36 (KHTML, like Gecko) Chrome/108.0.0.0 Mobile Safari/537.36"
104.232.213.156 - - [01/Jun/2026:20:14:22 +0530] "GET / HTTP/2" 200 1484 "-" "Mozilla/5.0 (Linux; Android 8.0.0; SM-J330G) AppleWebKit/537.36 (KHTML, like Gecko) Chrome/114.0.0.0 Mobile Safari/537.36 EdgA/114.0.1823.74"
92.208.230.38 - - [01/Jun/2026:20:14:42 +0530] "GET /storage/ HTTP/2" 200 744 "https://www.steservicesltd.com/" "Mozilla/5.0 (Linux; Android 8.0.0; SM-J330G) AppleWebKit/537.36 (KHTML, like Gecko) Chrome/114.0.0.0 Mobile Safari/537.36 EdgA/114.0.1823.74"
23.239.186.91 - - [01/Jun/2026:20:15:00 +0530] "GET / HTTP/2" 200 1484 "https://www.google.com/" "Mozilla/5.0 (Linux; Android 10; K) AppleWebKit/537.36 (KHTML, like Gecko) SamsungBrowser/26.0 Chrome/122.0.0.0 Mobile Safari/537.36"
104.224.67.146 - - [01/Jun/2026:20:15:01 +0530] "GET /stenew/css/magnific-popup.css HTTP/2" 200 1660 "https://steservicesltd.com/" "Mozilla/5.0 (Linux; Android 6.0.1; Nexus 5X Build/MMB29P) AppleWebKit/537.36 (KHTML, like Gecko) Chrome/121.0.6167.85 Mobile Safari/537.36"
176.108.227.24 - - [01/Jun/2026:20:15:01 +0530] "GET /stenew/css/animate.css HTTP/2" 200 4001 "https://steservicesltd.com/" "Mozilla/5.0 (Linux; Android 8; SM-S901B) AppleWebKit/537.36 (KHTML, like Gecko) Chrome/112.0.0.0 Mobile Safari/537.36"
167.172.215.70 - - [01/Jun/2026:20:15:03 +0530] "GET / HTTP/1.1" 200 1741 "-" "Mozilla/5.0 (X11; Linux x86_64) AppleWebKit/537.36 (KHTML, like Gecko) Chrome/55.0.2883.87 Safari/537.36"
142.252.75.152 - - [01/Jun/2026:20:15:03 +0530] "GET / HTTP/2" 200 1484 "https://steservicesltd.com/" "Mozilla/5.0 (Linux; Android 10; K) AppleWebKit/537.36 (KHTML, like Gecko) Chrome/127.0.0.0 Mobile Safari/537.36 EdgA/127.0.0.0"
92.208.230.38 - - [01/Jun/2026:20:15:14 +0530] "GET /stenew/images/services_icon_color/cloud_devops.svg HTTP/2" 200 1615 "https://steservicesltd.com/" "Mozilla/5.0 (Linux; Android 8.0.0; SM-J330G) AppleWebKit/537.36 (KHTML, like Gecko) Chrome/114.0.0.0 Mobile Safari/537.36 EdgA/114.0.1823.74"
176.108.227.24 - - [01/Jun/2026:20:15:15 +0530] "GET /stenew/images/purpose.png HTTP/2" 200 689 "https://www.yandex.com/" "Mozilla/5.0 (Linux; Android 8; SM-S901B) AppleWebKit/537.36 (KHTML, like Gecko) Chrome/112.0.0.0 Mobile Safari/537.36"
104.168.60.43 - - [01/Jun/2026:20:15:16 +0530] "GET /old_ste_1704/ HTTP/2" 500 0 "https://www.steservicesltd.com/" "Mozilla/5.0 (Linux; Android 8.0.0; SM-J330G) AppleWebKit/537.36 (KHTML, like Gecko) Chrome/114.0.0.0 Mobile Safari/537.36 EdgA/114.0.1823.74"
92.208.230.38 - - [01/Jun/2026:20:15:17 +0530] "GET /stenew/images/icon-how-work-3.svg HTTP/2" 200 474 "https://steservicesltd.com/" "Mozilla/5.0 (Linux; Android 8.0.0; SM-J330G) AppleWebKit/537.36 (KHTML, like Gecko) Chrome/114.0.0.0 Mobile Safari/537.36 EdgA/114.0.1823.74"
107.173.174.242 - - [01/Jun/2026:20:15:19 +0530] "GET /old_ste_1704/ HTTP/2" 500 0 "https://steservicesltd.com/" "Mozilla/5.0 (Linux; Android 8.0.0; SM-J330G) AppleWebKit/537.36 (KHTML, like Gecko) Chrome/114.0.0.0 Mobile Safari/537.36 EdgA/114.0.1823.74"
45.73.163.44 - - [01/Jun/2026:20:15:21 +0530] "GET /stenew/images/testimonial-img-2.jpg HTTP/2" 200 180927 "https://steservicesltd.com/" "Mozilla/5.0 (Linux; Android 10; K) AppleWebKit/537.36 (KHTML, like Gecko) Chrome/127.0.0.0 Mobile Safari/537.36 EdgA/127.0.0.0"
45.73.163.44 - - [01/Jun/2026:20:15:26 +0530] "GET /stenew/css/swiper-bundle.min.css HTTP/2" 200 4503 "https://steservicesltd.com/" "Mozilla/5.0 (Linux; Android 10; K) AppleWebKit/537.36 (KHTML, like Gecko) Chrome/127.0.0.0 Mobile Safari/537.36 EdgA/127.0.0.0"
47.128.119.173 - - [01/Jun/2026:20:15:36 +0530] "GET /vendor_old/ HTTP/2" 200 1767 "-" "Mozilla/5.0 (Linux; Android 5.0) AppleWebKit/537.36 (KHTML, like Gecko) Mobile Safari/537.36 (compatible; TikTokSpider; ttspider-feedback@tiktok.com)"
47.128.119.138 - - [01/Jun/2026:20:16:00 +0530] "GET /stenew/ HTTP/2" 200 4718 "-" "Mozilla/5.0 (Linux; Android 5.0) AppleWebKit/537.36 (KHTML, like Gecko) Mobile Safari/537.36 (compatible; TikTokSpider; ttspider-feedback@tiktok.com)"
47.128.119.138 - - [01/Jun/2026:20:16:00 +0530] "GET /stenew/css/bootstrap.min.css HTTP/2" 200 28349 "https://steservicesltd.com/stenew/" "Mozilla/5.0 (Linux; Android 5.0) AppleWebKit/537.36 (KHTML, like Gecko) Mobile Safari/537.36 (compatible; TikTokSpider; ttspider-feedback@tiktok.com)"
47.128.119.138 - - [01/Jun/2026:20:16:00 +0530] "GET /stenew/css/slicknav.min.css HTTP/2" 200 688 "https://steservicesltd.com/stenew/" "Mozilla/5.0 (Linux; Android 5.0) AppleWebKit/537.36 (KHTML, like Gecko) Mobile Safari/537.36 (compatible; TikTokSpider; ttspider-feedback@tiktok.com)"
47.128.119.138 - - [01/Jun/2026:20:16:00 +0530] "GET /stenew/css/animate.css HTTP/2" 200 4001 "https://steservicesltd.com/stenew/" "Mozilla/5.0 (Linux; Android 5.0) AppleWebKit/537.36 (KHTML, like Gecko) Mobile Safari/537.36 (compatible; TikTokSpider; ttspider-feedback@tiktok.com)"
47.128.119.138 - - [01/Jun/2026:20:16:00 +0530] "GET /stenew/css/swiper-bundle.min.css HTTP/2" 200 4503 "https://steservicesltd.com/stenew/" "Mozilla/5.0 (Linux; Android 5.0) AppleWebKit/537.36 (KHTML, like Gecko) Mobile Safari/537.36 (compatible; TikTokSpider; ttspider-feedback@tiktok.com)"
47.128.119.138 - - [01/Jun/2026:20:16:00 +0530] "GET /stenew/css/all.css HTTP/2" 200 22662 "https://steservicesltd.com/stenew/" "Mozilla/5.0 (Linux; Android 5.0) AppleWebKit/537.36 (KHTML, like Gecko) Mobile Safari/537.36 (compatible; TikTokSpider; ttspider-feedback@tiktok.com)"
47.128.119.138 - - [01/Jun/2026:20:16:00 +0530] "GET /stenew/css/custom.css HTTP/2" 200 14963 "https://steservicesltd.com/stenew/" "Mozilla/5.0 (Linux; Android 5.0) AppleWebKit/537.36 (KHTML, like Gecko) Mobile Safari/537.36 (compatible; TikTokSpider; ttspider-feedback@tiktok.com)"
47.128.119.138 - - [01/Jun/2026:20:16:00 +0530] "GET /stenew/css/magnific-popup.css HTTP/2" 200 1660 "https://steservicesltd.com/stenew/" "Mozilla/5.0 (Linux; Android 5.0) AppleWebKit/537.36 (KHTML, like Gecko) Mobile Safari/537.36 (compatible; TikTokSpider; ttspider-feedback@tiktok.com)"
47.128.119.138 - - [01/Jun/2026:20:16:00 +0530] "GET /stenew/images/ste_logo.svg HTTP/2" 206 500 "https://steservicesltd.com/stenew/" "Mozilla/5.0 (Linux; Android 5.0) AppleWebKit/537.36 (KHTML, like Gecko) Mobile Safari/537.36 (compatible; TikTokSpider; ttspider-feedback@tiktok.com)"
47.128.119.138 - - [01/Jun/2026:20:16:00 +0530] "GET /stenew/images/services_icon_color/ai_ml_solution.svg HTTP/2" 206 500 "https://steservicesltd.com/stenew/" "Mozilla/5.0 (Linux; Android 5.0) AppleWebKit/537.36 (KHTML, like Gecko) Mobile Safari/537.36 (compatible; TikTokSpider; ttspider-feedback@tiktok.com)"
47.128.119.138 - - [01/Jun/2026:20:16:00 +0530] "GET /stenew/images/services_icon_color/software_development.svg HTTP/2" 206 500 "https://steservicesltd.com/stenew/" "Mozilla/5.0 (Linux; Android 5.0) AppleWebKit/537.36 (KHTML, like Gecko) Mobile Safari/537.36 (compatible; TikTokSpider; ttspider-feedback@tiktok.com)"
47.128.119.138 - - [01/Jun/2026:20:16:00 +0530] "GET /stenew/images/services_icon_color/e-commerce.svg HTTP/2" 206 500 "https://steservicesltd.com/stenew/" "Mozilla/5.0 (Linux; Android 5.0) AppleWebKit/537.36 (KHTML, like Gecko) Mobile Safari/537.36 (compatible; TikTokSpider; ttspider-feedback@tiktok.com)"
47.128.119.138 - - [01/Jun/2026:20:16:00 +0530] "GET /stenew/images/services_icon_color/app-development.svg HTTP/2" 206 500 "https://steservicesltd.com/stenew/" "Mozilla/5.0 (Linux; Android 5.0) AppleWebKit/537.36 (KHTML, like Gecko) Mobile Safari/537.36 (compatible; TikTokSpider; ttspider-feedback@tiktok.com)"
47.128.119.138 - - [01/Jun/2026:20:16:00 +0530] "GET /stenew/images/services_icon_color/discovery_scoping_phase.svg HTTP/2" 206 500 "https://steservicesltd.com/stenew/" "Mozilla/5.0 (Linux; Android 5.0) AppleWebKit/537.36 (KHTML, like Gecko) Mobile Safari/537.36 (compatible; TikTokSpider; ttspider-feedback@tiktok.com)"
47.128.119.138 - - [01/Jun/2026:20:16:00 +0530] "GET /stenew/images/services_icon_color/business-intelligence.svg HTTP/2" 206 500 "https://steservicesltd.com/stenew/" "Mozilla/5.0 (Linux; Android 5.0) AppleWebKit/537.36 (KHTML, like Gecko) Mobile Safari/537.36 (compatible; TikTokSpider; ttspider-feedback@tiktok.com)"
47.128.119.138 - - [01/Jun/2026:20:16:00 +0530] "GET /stenew/images/services_icon_color/cloud_architecture.svg HTTP/2" 206 500 "https://steservicesltd.com/stenew/" "Mozilla/5.0 (Linux; Android 5.0) AppleWebKit/537.36 (KHTML, like Gecko) Mobile Safari/537.36 (compatible; TikTokSpider; ttspider-feedback@tiktok.com)"
47.128.119.138 - - [01/Jun/2026:20:16:00 +0530] "GET /stenew/images/services_icon_color/cloud_devops.svg HTTP/2" 206 500 "https://steservicesltd.com/stenew/" "Mozilla/5.0 (Linux; Android 5.0) AppleWebKit/537.36 (KHTML, like Gecko) Mobile Safari/537.36 (compatible; TikTokSpider; ttspider-feedback@tiktok.com)"
47.128.119.138 - - [01/Jun/2026:20:16:00 +0530] "GET /stenew/images/services_icon_color/digital-transformation.svg HTTP/2" 206 500 "https://steservicesltd.com/stenew/" "Mozilla/5.0 (Linux; Android 5.0) AppleWebKit/537.36 (KHTML, like Gecko) Mobile Safari/537.36 (compatible; TikTokSpider; ttspider-feedback@tiktok.com)"
47.128.119.138 - - [01/Jun/2026:20:16:00 +0530] "GET /stenew/images/services_icon_color/digital_marketing.svg HTTP/2" 206 500 "https://steservicesltd.com/stenew/" "Mozilla/5.0 (Linux; Android 5.0) AppleWebKit/537.36 (KHTML, like Gecko) Mobile Safari/537.36 (compatible; TikTokSpider; ttspider-feedback@tiktok.com)"
47.128.119.138 - - [01/Jun/2026:20:16:00 +0530] "GET /stenew/images/services_icon_color/qa_service.svg HTTP/2" 206 500 "https://steservicesltd.com/stenew/" "Mozilla/5.0 (Linux; Android 5.0) AppleWebKit/537.36 (KHTML, like Gecko) Mobile Safari/537.36 (compatible; TikTokSpider; ttspider-feedback@tiktok.com)"
47.128.119.138 - - [01/Jun/2026:20:16:00 +0530] "GET /stenew/images/services_icon_color/mvp.svg HTTP/2" 206 500 "https://steservicesltd.com/stenew/" "Mozilla/5.0 (Linux; Android 5.0) AppleWebKit/537.36 (KHTML, like Gecko) Mobile Safari/537.36 (compatible; TikTokSpider; ttspider-feedback@tiktok.com)"
47.128.119.138 - - [01/Jun/2026:20:16:00 +0530] "GET /stenew/images/services_icon_color/cloud_advisor.svg HTTP/2" 206 500 "https://steservicesltd.com/stenew/" "Mozilla/5.0 (Linux; Android 5.0) AppleWebKit/537.36 (KHTML, like Gecko) Mobile Safari/537.36 (compatible; TikTokSpider; ttspider-feedback@tiktok.com)"
47.128.119.138 - - [01/Jun/2026:20:16:00 +0530] "GET /stenew/images/services_icon_color/chatbot.svg HTTP/2" 206 500 "https://steservicesltd.com/stenew/" "Mozilla/5.0 (Linux; Android 5.0) AppleWebKit/537.36 (KHTML, like Gecko) Mobile Safari/537.36 (compatible; TikTokSpider; ttspider-feedback@tiktok.com)"
47.128.119.138 - - [01/Jun/2026:20:16:00 +0530] "GET /stenew/images/purpose.png HTTP/2" 206 500 "https://steservicesltd.com/stenew/" "Mozilla/5.0 (Linux; Android 5.0) AppleWebKit/537.36 (KHTML, like Gecko) Mobile Safari/537.36 (compatible; TikTokSpider; ttspider-feedback@tiktok.com)"
47.128.119.138 - - [01/Jun/2026:20:16:00 +0530] "GET /stenew/images/ambition.png HTTP/2" 206 500 "https://steservicesltd.com/stenew/" "Mozilla/5.0 (Linux; Android 5.0) AppleWebKit/537.36 (KHTML, like Gecko) Mobile Safari/537.36 (compatible; TikTokSpider; ttspider-feedback@tiktok.com)"
47.128.119.138 - - [01/Jun/2026:20:16:00 +0530] "GET /stenew/images/about-us-img-1.jpg HTTP/2" 206 500 "https://steservicesltd.com/stenew/" "Mozilla/5.0 (Linux; Android 5.0) AppleWebKit/537.36 (KHTML, like Gecko) Mobile Safari/537.36 (compatible; TikTokSpider; ttspider-feedback@tiktok.com)"
47.128.119.138 - - [01/Jun/2026:20:16:00 +0530] "GET /stenew/images/icon-how-work-2.svg HTTP/2" 206 500 "https://steservicesltd.com/stenew/" "Mozilla/5.0 (Linux; Android 5.0) AppleWebKit/537.36 (KHTML, like Gecko) Mobile Safari/537.36 (compatible; TikTokSpider; ttspider-feedback@tiktok.com)"
47.128.119.138 - - [01/Jun/2026:20:16:00 +0530] "GET /stenew/images/icon-how-work-1.svg HTTP/2" 206 500 "https://steservicesltd.com/stenew/" "Mozilla/5.0 (Linux; Android 5.0) AppleWebKit/537.36 (KHTML, like Gecko) Mobile Safari/537.36 (compatible; TikTokSpider; ttspider-feedback@tiktok.com)"
47.128.119.138 - - [01/Jun/2026:20:16:00 +0530] "GET /stenew/images/icon-how-work-4.svg HTTP/2" 206 500 "https://steservicesltd.com/stenew/" "Mozilla/5.0 (Linux; Android 5.0) AppleWebKit/537.36 (KHTML, like Gecko) Mobile Safari/537.36 (compatible; TikTokSpider; ttspider-feedback@tiktok.com)"
47.128.119.138 - - [01/Jun/2026:20:16:00 +0530] "GET /stenew/images/icon-how-work-3.svg HTTP/2" 206 500 "https://steservicesltd.com/stenew/" "Mozilla/5.0 (Linux; Android 5.0) AppleWebKit/537.36 (KHTML, like Gecko) Mobile Safari/537.36 (compatible; TikTokSpider; ttspider-feedback@tiktok.com)"
47.128.119.138 - - [01/Jun/2026:20:16:00 +0530] "GET /stenew/images/testimonial-img-2.jpg HTTP/2" 206 500 "https://steservicesltd.com/stenew/" "Mozilla/5.0 (Linux; Android 5.0) AppleWebKit/537.36 (KHTML, like Gecko) Mobile Safari/537.36 (compatible; TikTokSpider; ttspider-feedback@tiktok.com)"
47.128.119.138 - - [01/Jun/2026:20:16:00 +0530] "GET /stenew/images/testimonial-img-1.jpg HTTP/2" 206 500 "https://steservicesltd.com/stenew/" "Mozilla/5.0 (Linux; Android 5.0) AppleWebKit/537.36 (KHTML, like Gecko) Mobile Safari/537.36 (compatible; TikTokSpider; ttspider-feedback@tiktok.com)"
47.128.119.138 - - [01/Jun/2026:20:16:00 +0530] "GET /stenew/images/testimonial-img-3.jpg HTTP/2" 206 500 "https://steservicesltd.com/stenew/" "Mozilla/5.0 (Linux; Android 5.0) AppleWebKit/537.36 (KHTML, like Gecko) Mobile Safari/537.36 (compatible; TikTokSpider; ttspider-feedback@tiktok.com)"
47.128.119.138 - - [01/Jun/2026:20:16:00 +0530] "GET /stenew/images/company-growth-img.jpg HTTP/2" 206 500 "https://steservicesltd.com/stenew/" "Mozilla/5.0 (Linux; Android 5.0) AppleWebKit/537.36 (KHTML, like Gecko) Mobile Safari/537.36 (compatible; TikTokSpider; ttspider-feedback@tiktok.com)"
47.128.119.138 - - [01/Jun/2026:20:16:01 +0530] "GET /stenew/images/ste_logo.svg HTTP/2" 304 0 "https://steservicesltd.com/stenew/" "Mozilla/5.0 (Linux; Android 5.0) AppleWebKit/537.36 (KHTML, like Gecko) Mobile Safari/537.36 (compatible; TikTokSpider; ttspider-feedback@tiktok.com)"
47.128.119.138 - - [01/Jun/2026:20:16:01 +0530] "GET /stenew/images/services_icon_color/ai_ml_solution.svg HTTP/2" 304 0 "https://steservicesltd.com/stenew/" "Mozilla/5.0 (Linux; Android 5.0) AppleWebKit/537.36 (KHTML, like Gecko) Mobile Safari/537.36 (compatible; TikTokSpider; ttspider-feedback@tiktok.com)"
47.128.119.138 - - [01/Jun/2026:20:16:01 +0530] "GET /stenew/images/services_icon_color/software_development.svg HTTP/2" 304 0 "https://steservicesltd.com/stenew/" "Mozilla/5.0 (Linux; Android 5.0) AppleWebKit/537.36 (KHTML, like Gecko) Mobile Safari/537.36 (compatible; TikTokSpider; ttspider-feedback@tiktok.com)"
47.128.119.138 - - [01/Jun/2026:20:16:01 +0530] "GET /stenew/images/services_icon_color/e-commerce.svg HTTP/2" 304 0 "https://steservicesltd.com/stenew/" "Mozilla/5.0 (Linux; Android 5.0) AppleWebKit/537.36 (KHTML, like Gecko) Mobile Safari/537.36 (compatible; TikTokSpider; ttspider-feedback@tiktok.com)"
47.128.119.138 - - [01/Jun/2026:20:16:01 +0530] "GET /stenew/images/services_icon_color/app-development.svg HTTP/2" 304 0 "https://steservicesltd.com/stenew/" "Mozilla/5.0 (Linux; Android 5.0) AppleWebKit/537.36 (KHTML, like Gecko) Mobile Safari/537.36 (compatible; TikTokSpider; ttspider-feedback@tiktok.com)"
47.128.119.138 - - [01/Jun/2026:20:16:01 +0530] "GET /stenew/images/services_icon_color/discovery_scoping_phase.svg HTTP/2" 304 0 "https://steservicesltd.com/stenew/" "Mozilla/5.0 (Linux; Android 5.0) AppleWebKit/537.36 (KHTML, like Gecko) Mobile Safari/537.36 (compatible; TikTokSpider; ttspider-feedback@tiktok.com)"
47.128.119.138 - - [01/Jun/2026:20:16:01 +0530] "GET /stenew/images/services_icon_color/business-intelligence.svg HTTP/2" 304 0 "https://steservicesltd.com/stenew/" "Mozilla/5.0 (Linux; Android 5.0) AppleWebKit/537.36 (KHTML, like Gecko) Mobile Safari/537.36 (compatible; TikTokSpider; ttspider-feedback@tiktok.com)"
47.128.119.138 - - [01/Jun/2026:20:16:01 +0530] "GET /stenew/images/services_icon_color/cloud_architecture.svg HTTP/2" 304 0 "https://steservicesltd.com/stenew/" "Mozilla/5.0 (Linux; Android 5.0) AppleWebKit/537.36 (KHTML, like Gecko) Mobile Safari/537.36 (compatible; TikTokSpider; ttspider-feedback@tiktok.com)"
47.128.119.138 - - [01/Jun/2026:20:16:01 +0530] "GET /stenew/images/services_icon_color/cloud_devops.svg HTTP/2" 304 0 "https://steservicesltd.com/stenew/" "Mozilla/5.0 (Linux; Android 5.0) AppleWebKit/537.36 (KHTML, like Gecko) Mobile Safari/537.36 (compatible; TikTokSpider; ttspider-feedback@tiktok.com)"
47.128.119.138 - - [01/Jun/2026:20:16:01 +0530] "GET /stenew/images/services_icon_color/digital-transformation.svg HTTP/2" 304 0 "https://steservicesltd.com/stenew/" "Mozilla/5.0 (Linux; Android 5.0) AppleWebKit/537.36 (KHTML, like Gecko) Mobile Safari/537.36 (compatible; TikTokSpider; ttspider-feedback@tiktok.com)"
47.128.119.138 - - [01/Jun/2026:20:16:01 +0530] "GET /stenew/images/services_icon_color/digital_marketing.svg HTTP/2" 304 0 "https://steservicesltd.com/stenew/" "Mozilla/5.0 (Linux; Android 5.0) AppleWebKit/537.36 (KHTML, like Gecko) Mobile Safari/537.36 (compatible; TikTokSpider; ttspider-feedback@tiktok.com)"
47.128.119.138 - - [01/Jun/2026:20:16:01 +0530] "GET /stenew/images/services_icon_color/qa_service.svg HTTP/2" 304 0 "https://steservicesltd.com/stenew/" "Mozilla/5.0 (Linux; Android 5.0) AppleWebKit/537.36 (KHTML, like Gecko) Mobile Safari/537.36 (compatible; TikTokSpider; ttspider-feedback@tiktok.com)"
47.128.119.138 - - [01/Jun/2026:20:16:01 +0530] "GET /stenew/images/services_icon_color/mvp.svg HTTP/2" 304 0 "https://steservicesltd.com/stenew/" "Mozilla/5.0 (Linux; Android 5.0) AppleWebKit/537.36 (KHTML, like Gecko) Mobile Safari/537.36 (compatible; TikTokSpider; ttspider-feedback@tiktok.com)"
47.128.119.138 - - [01/Jun/2026:20:16:01 +0530] "GET /stenew/images/arrow-white.svg HTTP/2" 206 238 "https://steservicesltd.com/stenew/css/custom.css" "Mozilla/5.0 (Linux; Android 5.0) AppleWebKit/537.36 (KHTML, like Gecko) Mobile Safari/537.36 (compatible; TikTokSpider; ttspider-feedback@tiktok.com)"
47.128.119.138 - - [01/Jun/2026:20:16:01 +0530] "GET /stenew/images/services_icon_color/cloud_advisor.svg HTTP/2" 304 0 "https://steservicesltd.com/stenew/" "Mozilla/5.0 (Linux; Android 5.0) AppleWebKit/537.36 (KHTML, like Gecko) Mobile Safari/537.36 (compatible; TikTokSpider; ttspider-feedback@tiktok.com)"
47.128.119.138 - - [01/Jun/2026:20:16:01 +0530] "GET /stenew/images/services_icon_color/chatbot.svg HTTP/2" 304 0 "https://steservicesltd.com/stenew/" "Mozilla/5.0 (Linux; Android 5.0) AppleWebKit/537.36 (KHTML, like Gecko) Mobile Safari/537.36 (compatible; TikTokSpider; ttspider-feedback@tiktok.com)"
47.128.119.138 - - [01/Jun/2026:20:16:01 +0530] "GET /stenew/images/icon-how-work-2.svg HTTP/2" 304 0 "https://steservicesltd.com/stenew/" "Mozilla/5.0 (Linux; Android 5.0) AppleWebKit/537.36 (KHTML, like Gecko) Mobile Safari/537.36 (compatible; TikTokSpider; ttspider-feedback@tiktok.com)"
47.128.119.138 - - [01/Jun/2026:20:16:01 +0530] "GET /stenew/images/icon-how-work-1.svg HTTP/2" 304 0 "https://steservicesltd.com/stenew/" "Mozilla/5.0 (Linux; Android 5.0) AppleWebKit/537.36 (KHTML, like Gecko) Mobile Safari/537.36 (compatible; TikTokSpider; ttspider-feedback@tiktok.com)"
47.128.119.138 - - [01/Jun/2026:20:16:01 +0530] "GET /stenew/images/icon-how-work-4.svg HTTP/2" 304 0 "https://steservicesltd.com/stenew/" "Mozilla/5.0 (Linux; Android 5.0) AppleWebKit/537.36 (KHTML, like Gecko) Mobile Safari/537.36 (compatible; TikTokSpider; ttspider-feedback@tiktok.com)"
47.128.119.138 - - [01/Jun/2026:20:16:01 +0530] "GET /stenew/images/icon-how-work-3.svg HTTP/2" 304 0 "https://steservicesltd.com/stenew/" "Mozilla/5.0 (Linux; Android 5.0) AppleWebKit/537.36 (KHTML, like Gecko) Mobile Safari/537.36 (compatible; TikTokSpider; ttspider-feedback@tiktok.com)"
47.128.119.138 - - [01/Jun/2026:20:16:01 +0530] "GET /stenew/images/icon-sub-heading.svg HTTP/2" 206 415 "https://steservicesltd.com/stenew/css/custom.css" "Mozilla/5.0 (Linux; Android 5.0) AppleWebKit/537.36 (KHTML, like Gecko) Mobile Safari/537.36 (compatible; TikTokSpider; ttspider-feedback@tiktok.com)"
47.128.119.138 - - [01/Jun/2026:20:16:01 +0530] "GET /stenew/images/icon-plus.svg HTTP/2" 206 500 "https://steservicesltd.com/stenew/css/custom.css" "Mozilla/5.0 (Linux; Android 5.0) AppleWebKit/537.36 (KHTML, like Gecko) Mobile Safari/537.36 (compatible; TikTokSpider; ttspider-feedback@tiktok.com)"
47.128.119.138 - - [01/Jun/2026:20:16:01 +0530] "GET /stenew/images/testimonial-bg.png HTTP/2" 206 500 "https://steservicesltd.com/stenew/css/custom.css" "Mozilla/5.0 (Linux; Android 5.0) AppleWebKit/537.36 (KHTML, like Gecko) Mobile Safari/537.36 (compatible; TikTokSpider; ttspider-feedback@tiktok.com)"
47.128.119.138 - - [01/Jun/2026:20:16:01 +0530] "GET /stenew/images/footer-bg-1.png HTTP/2" 206 500 "https://steservicesltd.com/stenew/css/custom.css" "Mozilla/5.0 (Linux; Android 5.0) AppleWebKit/537.36 (KHTML, like Gecko) Mobile Safari/537.36 (compatible; TikTokSpider; ttspider-feedback@tiktok.com)"
47.128.119.138 - - [01/Jun/2026:20:16:01 +0530] "GET /stenew/images/footer-bg-2.png HTTP/2" 206 500 "https://steservicesltd.com/stenew/css/custom.css" "Mozilla/5.0 (Linux; Android 5.0) AppleWebKit/537.36 (KHTML, like Gecko) Mobile Safari/537.36 (compatible; TikTokSpider; ttspider-feedback@tiktok.com)"
47.128.119.138 - - [01/Jun/2026:20:16:01 +0530] "GET /stenew/images/ste_logo.svg HTTP/2" 206 147011 "https://steservicesltd.com/stenew/" "Mozilla/5.0 (Linux; Android 5.0) AppleWebKit/537.36 (KHTML, like Gecko) Mobile Safari/537.36 (compatible; TikTokSpider; ttspider-feedback@tiktok.com)"
47.128.119.138 - - [01/Jun/2026:20:16:01 +0530] "GET /stenew/images/services_icon_color/ai_ml_solution.svg HTTP/2" 206 5647 "https://steservicesltd.com/stenew/" "Mozilla/5.0 (Linux; Android 5.0) AppleWebKit/537.36 (KHTML, like Gecko) Mobile Safari/537.36 (compatible; TikTokSpider; ttspider-feedback@tiktok.com)"
47.128.119.138 - - [01/Jun/2026:20:16:01 +0530] "GET /stenew/images/services_icon_color/software_development.svg HTTP/2" 206 679 "https://steservicesltd.com/stenew/" "Mozilla/5.0 (Linux; Android 5.0) AppleWebKit/537.36 (KHTML, like Gecko) Mobile Safari/537.36 (compatible; TikTokSpider; ttspider-feedback@tiktok.com)"
47.128.119.138 - - [01/Jun/2026:20:16:01 +0530] "GET /stenew/images/services_icon_color/e-commerce.svg HTTP/2" 206 2139 "https://steservicesltd.com/stenew/" "Mozilla/5.0 (Linux; Android 5.0) AppleWebKit/537.36 (KHTML, like Gecko) Mobile Safari/537.36 (compatible; TikTokSpider; ttspider-feedback@tiktok.com)"
47.128.119.138 - - [01/Jun/2026:20:16:01 +0530] "GET /stenew/images/services_icon_color/app-development.svg HTTP/2" 206 3317 "https://steservicesltd.com/stenew/" "Mozilla/5.0 (Linux; Android 5.0) AppleWebKit/537.36 (KHTML, like Gecko) Mobile Safari/537.36 (compatible; TikTokSpider; ttspider-feedback@tiktok.com)"
47.128.119.138 - - [01/Jun/2026:20:16:01 +0530] "GET /stenew/images/services_icon_color/discovery_scoping_phase.svg HTTP/2" 206 3535 "https://steservicesltd.com/stenew/" "Mozilla/5.0 (Linux; Android 5.0) AppleWebKit/537.36 (KHTML, like Gecko) Mobile Safari/537.36 (compatible; TikTokSpider; ttspider-feedback@tiktok.com)"
47.128.119.138 - - [01/Jun/2026:20:16:01 +0530] "GET /stenew/images/services_icon_color/business-intelligence.svg HTTP/2" 206 4907 "https://steservicesltd.com/stenew/" "Mozilla/5.0 (Linux; Android 5.0) AppleWebKit/537.36 (KHTML, like Gecko) Mobile Safari/537.36 (compatible; TikTokSpider; ttspider-feedback@tiktok.com)"
47.128.119.138 - - [01/Jun/2026:20:16:01 +0530] "GET /stenew/images/services_icon_color/cloud_architecture.svg HTTP/2" 206 1633 "https://steservicesltd.com/stenew/" "Mozilla/5.0 (Linux; Android 5.0) AppleWebKit/537.36 (KHTML, like Gecko) Mobile Safari/537.36 (compatible; TikTokSpider; ttspider-feedback@tiktok.com)"
47.128.119.138 - - [01/Jun/2026:20:16:01 +0530] "GET /stenew/images/services_icon_color/cloud_devops.svg HTTP/2" 206 3927 "https://steservicesltd.com/stenew/" "Mozilla/5.0 (Linux; Android 5.0) AppleWebKit/537.36 (KHTML, like Gecko) Mobile Safari/537.36 (compatible; TikTokSpider; ttspider-feedback@tiktok.com)"
47.128.119.138 - - [01/Jun/2026:20:16:01 +0530] "GET /stenew/images/services_icon_color/digital-transformation.svg HTTP/2" 206 4585 "https://steservicesltd.com/stenew/" "Mozilla/5.0 (Linux; Android 5.0) AppleWebKit/537.36 (KHTML, like Gecko) Mobile Safari/537.36 (compatible; TikTokSpider; ttspider-feedback@tiktok.com)"
47.128.119.138 - - [01/Jun/2026:20:16:01 +0530] "GET /stenew/images/services_icon_color/digital_marketing.svg HTTP/2" 206 2215 "https://steservicesltd.com/stenew/" "Mozilla/5.0 (Linux; Android 5.0) AppleWebKit/537.36 (KHTML, like Gecko) Mobile Safari/537.36 (compatible; TikTokSpider; ttspider-feedback@tiktok.com)"
47.128.119.138 - - [01/Jun/2026:20:16:01 +0530] "GET /stenew/images/services_icon_color/qa_service.svg HTTP/2" 206 5243 "https://steservicesltd.com/stenew/" "Mozilla/5.0 (Linux; Android 5.0) AppleWebKit/537.36 (KHTML, like Gecko) Mobile Safari/537.36 (compatible; TikTokSpider; ttspider-feedback@tiktok.com)"
172.121.129.29 - - [01/Jun/2026:20:14:12 +0530] "GET / HTTP/2" 200 1482 "http://www.baidu.com/" "Mozilla/5.0 (Linux; Android 11; SM-S901B) AppleWebKit/537.36 (KHTML, like Gecko) Chrome/112.0.0.0 Mobile Safari/537.36"
104.237.243.82 - - [01/Jun/2026:20:14:46 +0530] "GET / HTTP/1.1" 200 1484 "https://www.yandex.com/" "Mozilla/5.0 (Linux; Android 14; Pixel 6 Pro) AppleWebKit/537.36 (KHTML, like Gecko) Chrome/122.0.6261.119 Mobile Safari/537.36 OPR/81.2.4292.78581"
92.208.230.38 - - [01/Jun/2026:20:14:59 +0530] "GET /stenew/css/bootstrap.min.css HTTP/2" 200 28349 "https://www.steservicesltd.com/" "Mozilla/5.0 (Linux; Android 8.0.0; SM-J330G) AppleWebKit/537.36 (KHTML, like Gecko) Chrome/114.0.0.0 Mobile Safari/537.36 EdgA/114.0.1823.74"
142.252.75.152 - - [01/Jun/2026:20:15:05 +0530] "GET /old_ste_1704/ HTTP/2" 500 0 "https://www.steservicesltd.com/" "Mozilla/5.0 (Linux; Android 10; K) AppleWebKit/537.36 (KHTML, like Gecko) Chrome/127.0.0.0 Mobile Safari/537.36 EdgA/127.0.0.0"
23.239.186.91 - - [01/Jun/2026:20:15:05 +0530] "GET /stenew/images/ste_logo.svg HTTP/2" 200 108785 "https://www.steservicesltd.com/" "Mozilla/5.0 (Linux; Android 10; K) AppleWebKit/537.36 (KHTML, like Gecko) SamsungBrowser/26.0 Chrome/122.0.0.0 Mobile Safari/537.36"
38.93.173.198 - - [01/Jun/2026:20:15:08 +0530] "GET /old_ste_1704/ HTTP/2" 500 0 "https://www.yahoo.com/" "Mozilla/5.0 (Linux; Android 8; SM-S901B) AppleWebKit/537.36 (KHTML, like Gecko) Chrome/112.0.0.0 Mobile Safari/537.36"
23.239.186.91 - - [01/Jun/2026:20:15:09 +0530] "GET /stenew/images/services_icon_color/ai_ml_solution.svg HTTP/2" 200 2379 "https://www.yandex.com/" "Mozilla/5.0 (Linux; Android 10; K) AppleWebKit/537.36 (KHTML, like Gecko) SamsungBrowser/26.0 Chrome/122.0.0.0 Mobile Safari/537.36"
108.209.187.33 - - [01/Jun/2026:20:15:09 +0530] "GET /stenew/images/services_icon_color/app-development.svg HTTP/2" 200 1238 "https://www.bing.com/" "Mozilla/5.0 (Linux; Android 13; SM-S901B) AppleWebKit/537.36 (KHTML, like Gecko) Chrome/112.0.0.0 Mobile Safari/537.36"
45.73.163.44 - - [01/Jun/2026:20:15:11 +0530] "GET /stenew/images/services_icon_color/e-commerce.svg HTTP/2" 200 1160 "https://steservicesltd.com/" "Mozilla/5.0 (Linux; Android 10; K) AppleWebKit/537.36 (KHTML, like Gecko) Chrome/127.0.0.0 Mobile Safari/537.36 EdgA/127.0.0.0"
107.173.174.242 - - [01/Jun/2026:20:15:16 +0530] "GET /stenew/images/services_icon_color/chatbot.svg HTTP/2" 200 526 "-" "Mozilla/5.0 (Linux; Android 8.0.0; SM-J330G) AppleWebKit/537.36 (KHTML, like Gecko) Chrome/114.0.0.0 Mobile Safari/537.36 EdgA/114.0.1823.74"
104.224.67.146 - - [01/Jun/2026:20:15:19 +0530] "GET /stenew/images/icon-how-work-4.svg HTTP/2" 200 863 "https://steservicesltd.com/" "Mozilla/5.0 (Linux; Android 6.0.1; Nexus 5X Build/MMB29P) AppleWebKit/537.36 (KHTML, like Gecko) Chrome/121.0.6167.85 Mobile Safari/537.36"
154.28.230.40 - - [01/Jun/2026:20:15:22 +0530] "GET /stenew/images/company-growth-img.jpg HTTP/2" 200 227930 "http://www.baidu.com/" "Mozilla/5.0 (Linux; Android 8; SM-S901B) AppleWebKit/537.36 (KHTML, like Gecko) Chrome/112.0.0.0 Mobile Safari/537.36"
104.250.209.35 - - [01/Jun/2026:20:15:22 +0530] "GET /vendor_old/ HTTP/2" 200 1767 "-" "Mozilla/5.0 (iPhone; CPU iPhone OS 17_0 like Mac OS X) AppleWebKit/605.1.15 (KHTML, like Gecko) Version/17.0 Mobile/15E148 Safari/604.1"
108.209.187.33 - - [01/Jun/2026:20:15:23 +0530] "GET /stenew/images/testimonial-img-1.jpg HTTP/2" 200 214539 "https://steservicesltd.com/" "Mozilla/5.0 (Linux; Android 13; SM-S901B) AppleWebKit/537.36 (KHTML, like Gecko) Chrome/112.0.0.0 Mobile Safari/537.36"
176.108.227.24 - - [01/Jun/2026:20:16:35 +0530] "GET /public/ HTTP/2" 500 87 "https://steservicesltd.com/" "Mozilla/5.0 (Linux; Android 8; SM-S901B) AppleWebKit/537.36 (KHTML, like Gecko) Chrome/112.0.0.0 Mobile Safari/537.36"
104.224.67.146 - - [01/Jun/2026:20:16:38 +0530] "GET /public/ HTTP/2" 500 87 "https://www.yandex.com/" "Mozilla/5.0 (Linux; Android 6.0.1; Nexus 5X Build/MMB29P) AppleWebKit/537.36 (KHTML, like Gecko) Chrome/121.0.6167.85 Mobile Safari/537.36"
38.94.189.249 - - [01/Jun/2026:20:14:25 +0530] "GET / HTTP/2" 200 1484 "-" "Mozilla/5.0 (Linux; Android 12; SM-S901B) AppleWebKit/537.36 (KHTML, like Gecko) Chrome/112.0.0.0 Mobile Safari/537.36"
92.208.230.38 - - [01/Jun/2026:20:14:41 +0530] "GET / HTTP/2" 200 1482 "https://www.google.com/" "Mozilla/5.0 (Linux; Android 8.0.0; SM-J330G) AppleWebKit/537.36 (KHTML, like Gecko) Chrome/114.0.0.0 Mobile Safari/537.36 EdgA/114.0.1823.74"
38.93.173.198 - - [01/Jun/2026:20:15:01 +0530] "GET /stenew/css/all.css HTTP/2" 200 22662 "https://steservicesltd.com/" "Mozilla/5.0 (Linux; Android 8; SM-S901B) AppleWebKit/537.36 (KHTML, like Gecko) Chrome/112.0.0.0 Mobile Safari/537.36"
176.108.227.24 - - [01/Jun/2026:20:15:03 +0530] "GET /stenew/css/custom.css HTTP/2" 200 14963 "https://steservicesltd.com/" "Mozilla/5.0 (Linux; Android 8; SM-S901B) AppleWebKit/537.36 (KHTML, like Gecko) Chrome/112.0.0.0 Mobile Safari/537.36"
176.108.227.24 - - [01/Jun/2026:20:15:06 +0530] "GET /stenew/images/about-us-img-1.jpg HTTP/2" 200 294170 "https://steservicesltd.com/" "Mozilla/5.0 (Linux; Android 8; SM-S901B) AppleWebKit/537.36 (KHTML, like Gecko) Chrome/112.0.0.0 Mobile Safari/537.36"
104.224.67.146 - - [01/Jun/2026:20:15:11 +0530] "GET /stenew/images/services_icon_color/discovery_scoping_phase.svg HTTP/2" 200 1045 "https://steservicesltd.com/" "Mozilla/5.0 (Linux; Android 6.0.1; Nexus 5X Build/MMB29P) AppleWebKit/537.36 (KHTML, like Gecko) Chrome/121.0.6167.85 Mobile Safari/537.36"
176.108.227.24 - - [01/Jun/2026:20:15:11 +0530] "GET /stenew/images/services_icon_color/digital-transformation.svg HTTP/2" 200 1474 "https://www.yandex.com/" "Mozilla/5.0 (Linux; Android 8; SM-S901B) AppleWebKit/537.36 (KHTML, like Gecko) Chrome/112.0.0.0 Mobile Safari/537.36"
