57.141.2.63 - - [02/Jun/2026:06:31:19 +0530] "GET /?items/X313723549/ HTTP/2" 500 3 "-" "meta-externalagent/1.1 (+https://developers.facebook.com/docs/sharing/webmasters/crawler)"
57.141.2.20 - - [02/Jun/2026:06:31:25 +0530] "GET /?items/X170879933/ HTTP/2" 500 3 "-" "meta-externalagent/1.1 (+https://developers.facebook.com/docs/sharing/webmasters/crawler)"
57.141.2.69 - - [02/Jun/2026:06:32:43 +0530] "GET /?items/X55916064/ HTTP/2" 500 3 "-" "meta-externalagent/1.1 (+https://developers.facebook.com/docs/sharing/webmasters/crawler)"
57.141.2.58 - - [02/Jun/2026:06:28:17 +0530] "GET /?items/X244832034/ HTTP/2" 500 3 "-" "meta-externalagent/1.1 (+https://developers.facebook.com/docs/sharing/webmasters/crawler)"
57.141.2.61 - - [02/Jun/2026:06:31:10 +0530] "GET /?items/X185558034/ HTTP/2" 500 3 "-" "meta-externalagent/1.1 (+https://developers.facebook.com/docs/sharing/webmasters/crawler)"
57.141.2.60 - - [02/Jun/2026:06:31:31 +0530] "GET /?items/X156923963/ HTTP/2" 500 3 "-" "meta-externalagent/1.1 (+https://developers.facebook.com/docs/sharing/webmasters/crawler)"
57.141.2.70 - - [02/Jun/2026:06:33:52 +0530] "GET /?items/X77830408/ HTTP/2" 500 3 "-" "meta-externalagent/1.1 (+https://developers.facebook.com/docs/sharing/webmasters/crawler)"
57.141.2.4 - - [02/Jun/2026:06:37:11 +0530] "GET /?items/X52078357/ HTTP/2" 500 3 "-" "meta-externalagent/1.1 (+https://developers.facebook.com/docs/sharing/webmasters/crawler)"
57.141.2.14 - - [02/Jun/2026:06:39:24 +0530] "GET /?items/X219368660/ HTTP/2" 500 3 "-" "meta-externalagent/1.1 (+https://developers.facebook.com/docs/sharing/webmasters/crawler)"
57.141.2.64 - - [02/Jun/2026:06:40:31 +0530] "GET /?items/X229595600/ HTTP/2" 500 3 "-" "meta-externalagent/1.1 (+https://developers.facebook.com/docs/sharing/webmasters/crawler)"
57.141.2.44 - - [02/Jun/2026:06:42:44 +0530] "GET /?items/X192750610/ HTTP/2" 500 3 "-" "meta-externalagent/1.1 (+https://developers.facebook.com/docs/sharing/webmasters/crawler)"
57.141.2.3 - - [02/Jun/2026:06:34:57 +0530] "GET /?items/X295472903/ HTTP/2" 500 3 "-" "meta-externalagent/1.1 (+https://developers.facebook.com/docs/sharing/webmasters/crawler)"
57.141.2.47 - - [02/Jun/2026:06:38:18 +0530] "GET /?items/X244472367/ HTTP/2" 500 3 "-" "meta-externalagent/1.1 (+https://developers.facebook.com/docs/sharing/webmasters/crawler)"
69.171.249.116 - - [02/Jun/2026:06:36:03 +0530] "GET /robots.txt HTTP/2" 206 1070 "-" "facebookexternalhit/1.1 (+http://www.facebook.com/externalhit_uatext.php)"
57.141.2.27 - - [02/Jun/2026:06:36:05 +0530] "GET /?items/X108280105/ HTTP/2" 500 3 "-" "meta-externalagent/1.1 (+https://developers.facebook.com/docs/sharing/webmasters/crawler)"
57.141.2.69 - - [02/Jun/2026:06:41:37 +0530] "GET /?items/X13964711/ HTTP/2" 500 3 "-" "meta-externalagent/1.1 (+https://developers.facebook.com/docs/sharing/webmasters/crawler)"
57.141.2.20 - - [02/Jun/2026:06:44:57 +0530] "GET /?items/X145874115/ HTTP/2" 500 3 "-" "meta-externalagent/1.1 (+https://developers.facebook.com/docs/sharing/webmasters/crawler)"
57.141.2.37 - - [02/Jun/2026:06:52:44 +0530] "GET /?items/X152799832/ HTTP/2" 500 3 "-" "meta-externalagent/1.1 (+https://developers.facebook.com/docs/sharing/webmasters/crawler)"
52.208.151.205 - - [02/Jun/2026:06:55:51 +0530] "GET / HTTP/1.1" 500 7 "-" "Mozilla/5.0 (iPad; CPU OS 17_1 like Mac OS X) AppleWebKit/605.1.15 (KHTML, like Gecko) Version/17.1 Mobile/15E148 Safari/604.1"
52.208.151.205 - - [02/Jun/2026:06:56:03 +0530] "GET / HTTP/1.1" 500 7 "-" "Mozilla/5.0 (iPad; CPU OS 17_1 like Mac OS X) AppleWebKit/605.1.15 (KHTML, like Gecko) Version/17.1 Mobile/15E148 Safari/604.1"
52.208.151.205 - - [02/Jun/2026:06:56:11 +0530] "GET / HTTP/1.1" 500 7 "-" "Mozilla/5.0 (iPad; CPU OS 17_1 like Mac OS X) AppleWebKit/605.1.15 (KHTML, like Gecko) Version/17.1 Mobile/15E148 Safari/604.1"
57.141.2.45 - - [02/Jun/2026:06:58:17 +0530] "GET /?items/X97946418/ HTTP/2" 500 3 "-" "meta-externalagent/1.1 (+https://developers.facebook.com/docs/sharing/webmasters/crawler)"
57.141.2.15 - - [02/Jun/2026:06:43:50 +0530] "GET /?items/X242297175/ HTTP/2" 500 3 "-" "meta-externalagent/1.1 (+https://developers.facebook.com/docs/sharing/webmasters/crawler)"
57.141.2.65 - - [02/Jun/2026:06:50:31 +0530] "GET /?items/X77771448/ HTTP/2" 500 3 "-" "meta-externalagent/1.1 (+https://developers.facebook.com/docs/sharing/webmasters/crawler)"
57.141.2.40 - - [02/Jun/2026:06:54:57 +0530] "GET /?items/X180769135/ HTTP/2" 500 3 "-" "meta-externalagent/1.1 (+https://developers.facebook.com/docs/sharing/webmasters/crawler)"
57.141.2.41 - - [02/Jun/2026:06:56:04 +0530] "GET /?items/X67323569/ HTTP/2" 500 3 "-" "meta-externalagent/1.1 (+https://developers.facebook.com/docs/sharing/webmasters/crawler)"
57.141.2.14 - - [02/Jun/2026:06:57:11 +0530] "GET /?items/X244473488/ HTTP/2" 500 3 "-" "meta-externalagent/1.1 (+https://developers.facebook.com/docs/sharing/webmasters/crawler)"
57.141.2.35 - - [02/Jun/2026:06:46:04 +0530] "GET /?items/X23602357/ HTTP/2" 500 3 "-" "meta-externalagent/1.1 (+https://developers.facebook.com/docs/sharing/webmasters/crawler)"
57.141.2.62 - - [02/Jun/2026:06:47:10 +0530] "GET /?items/X74765559/ HTTP/2" 500 3 "-" "meta-externalagent/1.1 (+https://developers.facebook.com/docs/sharing/webmasters/crawler)"
57.141.2.36 - - [02/Jun/2026:06:48:17 +0530] "GET /?items/X259559741/ HTTP/2" 500 3 "-" "meta-externalagent/1.1 (+https://developers.facebook.com/docs/sharing/webmasters/crawler)"
57.141.2.48 - - [02/Jun/2026:06:51:37 +0530] "GET /?items/X203354852/ HTTP/2" 500 3 "-" "meta-externalagent/1.1 (+https://developers.facebook.com/docs/sharing/webmasters/crawler)"
57.141.2.26 - - [02/Jun/2026:06:59:24 +0530] "GET /?items/X311040074/ HTTP/2" 500 3 "-" "meta-externalagent/1.1 (+https://developers.facebook.com/docs/sharing/webmasters/crawler)"
57.141.2.46 - - [02/Jun/2026:06:49:24 +0530] "GET /?items/X43572458/ HTTP/2" 500 3 "-" "meta-externalagent/1.1 (+https://developers.facebook.com/docs/sharing/webmasters/crawler)"
57.141.2.31 - - [02/Jun/2026:06:53:51 +0530] "GET /?items/X146953761/ HTTP/2" 500 3 "-" "meta-externalagent/1.1 (+https://developers.facebook.com/docs/sharing/webmasters/crawler)"
66.249.74.106 - - [02/Jun/2026:06:55:29 +0530] "GET /?items/S164813034/ HTTP/1.1" 200 23599 "-" "Mozilla/5.0 (Linux; Android 6.0.1; Nexus 5X Build/MMB29P) AppleWebKit/537.36 (KHTML, like Gecko) Chrome/148.0.7778.96 Mobile Safari/537.36 (compatible; Googlebot/2.1; +http://www.google.com/bot.html)"
57.141.2.30 - - [02/Jun/2026:07:01:36 +0530] "GET /?items/X276304024/ HTTP/2" 500 3 "-" "meta-externalagent/1.1 (+https://developers.facebook.com/docs/sharing/webmasters/crawler)"
57.141.2.46 - - [02/Jun/2026:07:09:24 +0530] "GET /?items/X303984074/ HTTP/2" 500 3 "-" "meta-externalagent/1.1 (+https://developers.facebook.com/docs/sharing/webmasters/crawler)"
57.141.2.16 - - [02/Jun/2026:07:11:37 +0530] "GET /?items/X31692913/ HTTP/2" 500 3 "-" "meta-externalagent/1.1 (+https://developers.facebook.com/docs/sharing/webmasters/crawler)"
57.141.2.28 - - [02/Jun/2026:07:00:30 +0530] "GET /?items/X156272145/ HTTP/2" 500 3 "-" "meta-externalagent/1.1 (+https://developers.facebook.com/docs/sharing/webmasters/crawler)"
57.141.2.15 - - [02/Jun/2026:07:03:50 +0530] "GET /?items/X165756670/ HTTP/2" 500 3 "-" "meta-externalagent/1.1 (+https://developers.facebook.com/docs/sharing/webmasters/crawler)"
57.141.2.44 - - [02/Jun/2026:07:02:44 +0530] "GET /?items/X32377812/ HTTP/2" 500 3 "-" "meta-externalagent/1.1 (+https://developers.facebook.com/docs/sharing/webmasters/crawler)"
57.141.2.15 - - [02/Jun/2026:07:06:04 +0530] "GET /?items/X175193529/ HTTP/2" 500 3 "-" "meta-externalagent/1.1 (+https://developers.facebook.com/docs/sharing/webmasters/crawler)"
57.141.2.35 - - [02/Jun/2026:07:10:31 +0530] "GET /?items/X76785044/ HTTP/2" 500 3 "-" "meta-externalagent/1.1 (+https://developers.facebook.com/docs/sharing/webmasters/crawler)"
57.141.2.17 - - [02/Jun/2026:07:04:57 +0530] "GET /?items/X205135842/ HTTP/2" 500 3 "-" "meta-externalagent/1.1 (+https://developers.facebook.com/docs/sharing/webmasters/crawler)"
57.141.2.15 - - [02/Jun/2026:07:07:10 +0530] "GET /?items/X282190680/ HTTP/2" 500 3 "-" "meta-externalagent/1.1 (+https://developers.facebook.com/docs/sharing/webmasters/crawler)"
57.141.2.36 - - [02/Jun/2026:07:08:17 +0530] "GET /?items/X186973953/ HTTP/2" 500 3 "-" "meta-externalagent/1.1 (+https://developers.facebook.com/docs/sharing/webmasters/crawler)"
57.141.2.32 - - [02/Jun/2026:07:12:44 +0530] "GET /?items/X113942882/ HTTP/2" 500 3 "-" "meta-externalagent/1.1 (+https://developers.facebook.com/docs/sharing/webmasters/crawler)"
57.141.2.4 - - [02/Jun/2026:07:13:50 +0530] "GET /?items/X179328236/ HTTP/2" 500 3 "-" "meta-externalagent/1.1 (+https://developers.facebook.com/docs/sharing/webmasters/crawler)"
57.141.2.18 - - [02/Jun/2026:07:16:04 +0530] "GET /?items/X45059589/ HTTP/2" 500 3 "-" "meta-externalagent/1.1 (+https://developers.facebook.com/docs/sharing/webmasters/crawler)"
57.141.2.45 - - [02/Jun/2026:07:14:57 +0530] "GET /?items/X230831630/ HTTP/2" 500 3 "-" "meta-externalagent/1.1 (+https://developers.facebook.com/docs/sharing/webmasters/crawler)"
57.141.2.8 - - [02/Jun/2026:07:19:23 +0530] "GET /?items/X103924761/ HTTP/2" 500 3 "-" "meta-externalagent/1.1 (+https://developers.facebook.com/docs/sharing/webmasters/crawler)"
57.141.2.52 - - [02/Jun/2026:07:17:11 +0530] "GET /?items/X183296115/ HTTP/2" 500 3 "-" "meta-externalagent/1.1 (+https://developers.facebook.com/docs/sharing/webmasters/crawler)"
57.141.2.54 - - [02/Jun/2026:07:18:17 +0530] "GET /?items/X254604347/ HTTP/2" 500 3 "-" "meta-externalagent/1.1 (+https://developers.facebook.com/docs/sharing/webmasters/crawler)"
57.141.2.66 - - [02/Jun/2026:07:20:32 +0530] "GET /?items/X248556913/ HTTP/2" 500 3 "-" "meta-externalagent/1.1 (+https://developers.facebook.com/docs/sharing/webmasters/crawler)"
57.141.2.12 - - [02/Jun/2026:07:21:37 +0530] "GET /?items/X109725044/ HTTP/2" 500 3 "-" "meta-externalagent/1.1 (+https://developers.facebook.com/docs/sharing/webmasters/crawler)"
57.141.2.7 - - [02/Jun/2026:07:22:44 +0530] "GET /?items/X168067084/ HTTP/2" 500 3 "-" "meta-externalagent/1.1 (+https://developers.facebook.com/docs/sharing/webmasters/crawler)"
57.141.2.23 - - [02/Jun/2026:07:23:50 +0530] "GET /?items/X276474802/ HTTP/2" 500 3 "-" "meta-externalagent/1.1 (+https://developers.facebook.com/docs/sharing/webmasters/crawler)"
57.141.2.64 - - [02/Jun/2026:07:26:03 +0530] "GET /?items/X59222903/ HTTP/2" 500 3 "-" "meta-externalagent/1.1 (+https://developers.facebook.com/docs/sharing/webmasters/crawler)"
57.141.2.51 - - [02/Jun/2026:07:27:10 +0530] "GET /?items/X80994347/ HTTP/2" 500 3 "-" "meta-externalagent/1.1 (+https://developers.facebook.com/docs/sharing/webmasters/crawler)"
57.141.2.17 - - [02/Jun/2026:07:28:17 +0530] "GET /?items/X164245135/ HTTP/2" 500 3 "-" "meta-externalagent/1.1 (+https://developers.facebook.com/docs/sharing/webmasters/crawler)"
57.141.2.69 - - [02/Jun/2026:07:31:37 +0530] "GET /?items/X13929266/ HTTP/2" 500 3 "-" "meta-externalagent/1.1 (+https://developers.facebook.com/docs/sharing/webmasters/crawler)"
57.141.2.15 - - [02/Jun/2026:07:29:24 +0530] "GET /?items/X181240519/ HTTP/2" 500 3 "-" "meta-externalagent/1.1 (+https://developers.facebook.com/docs/sharing/webmasters/crawler)"
57.141.2.40 - - [02/Jun/2026:07:32:43 +0530] "GET /?items/X98759903/ HTTP/2" 500 3 "-" "meta-externalagent/1.1 (+https://developers.facebook.com/docs/sharing/webmasters/crawler)"
57.141.2.35 - - [02/Jun/2026:07:30:30 +0530] "GET /?items/X48140630/ HTTP/2" 500 3 "-" "meta-externalagent/1.1 (+https://developers.facebook.com/docs/sharing/webmasters/crawler)"
57.141.2.3 - - [02/Jun/2026:07:34:56 +0530] "GET /?items/X189243317/ HTTP/2" 500 3 "-" "meta-externalagent/1.1 (+https://developers.facebook.com/docs/sharing/webmasters/crawler)"
57.141.2.40 - - [02/Jun/2026:07:33:51 +0530] "GET /?items/X27507014/ HTTP/2" 500 3 "-" "meta-externalagent/1.1 (+https://developers.facebook.com/docs/sharing/webmasters/crawler)"
69.171.231.2 - - [02/Jun/2026:07:37:11 +0530] "GET /robots.txt HTTP/2" 206 1070 "-" "facebookexternalhit/1.1 (+http://www.facebook.com/externalhit_uatext.php)"
57.141.2.70 - - [02/Jun/2026:07:39:24 +0530] "GET /?items/X236735064/ HTTP/2" 500 3 "-" "meta-externalagent/1.1 (+https://developers.facebook.com/docs/sharing/webmasters/crawler)"
57.141.2.43 - - [02/Jun/2026:07:40:30 +0530] "GET /?items/X78959559/ HTTP/2" 500 3 "-" "meta-externalagent/1.1 (+https://developers.facebook.com/docs/sharing/webmasters/crawler)"
57.141.2.51 - - [02/Jun/2026:07:41:38 +0530] "GET /?items/X109851488/ HTTP/2" 500 3 "-" "meta-externalagent/1.1 (+https://developers.facebook.com/docs/sharing/webmasters/crawler)"
57.141.2.36 - - [02/Jun/2026:07:43:51 +0530] "GET /?items/X258814761/ HTTP/2" 500 3 "-" "meta-externalagent/1.1 (+https://developers.facebook.com/docs/sharing/webmasters/crawler)"
57.141.2.35 - - [02/Jun/2026:07:44:57 +0530] "GET /?items/X239588418/ HTTP/2" 500 3 "-" "meta-externalagent/1.1 (+https://developers.facebook.com/docs/sharing/webmasters/crawler)"
66.249.74.106 - - [02/Jun/2026:07:37:28 +0530] "GET /?items/M38702771/ HTTP/1.1" 200 22498 "-" "Mozilla/5.0 (Linux; Android 6.0.1; Nexus 5X Build/MMB29P) AppleWebKit/537.36 (KHTML, like Gecko) Chrome/148.0.7778.96 Mobile Safari/537.36 (compatible; GoogleOther)"
57.141.2.1 - - [02/Jun/2026:07:42:44 +0530] "GET /?items/X224180307/ HTTP/2" 500 3 "-" "meta-externalagent/1.1 (+https://developers.facebook.com/docs/sharing/webmasters/crawler)"
66.249.74.106 - - [02/Jun/2026:07:44:39 +0530] "GET /?items/M38702771/ HTTP/1.1" 200 22498 "-" "Mozilla/5.0 (Linux; Android 6.0.1; Nexus 5X Build/MMB29P) AppleWebKit/537.36 (KHTML, like Gecko) Chrome/148.0.7778.96 Mobile Safari/537.36 (compatible; Googlebot/2.1; +http://www.google.com/bot.html)"
57.141.2.10 - - [02/Jun/2026:07:36:03 +0530] "GET /?items/X158970458/ HTTP/2" 500 3 "-" "meta-externalagent/1.1 (+https://developers.facebook.com/docs/sharing/webmasters/crawler)"
57.141.2.46 - - [02/Jun/2026:07:38:16 +0530] "GET /?items/X22517286/ HTTP/2" 500 3 "-" "meta-externalagent/1.1 (+https://developers.facebook.com/docs/sharing/webmasters/crawler)"
114.119.146.145 - - [02/Jun/2026:07:45:39 +0530] "GET /wp-sitemap-posts-eb_footer-1.xml HTTP/1.1" 403 7 "https://nvqlevel3.co.uk/wp-sitemap-posts-eb_footer-1.xml" "Mozilla/5.0 (Linux; Android 7.0;) AppleWebKit/537.36 (HTML, like Gecko) Mobile Safari/537.36 (compatible; PetalBot;+https://webmaster.petalsearch.com/site/petalbot)"
57.141.2.48 - - [02/Jun/2026:07:46:04 +0530] "GET /?items/X156202408/ HTTP/2" 500 3 "-" "meta-externalagent/1.1 (+https://developers.facebook.com/docs/sharing/webmasters/crawler)"
57.141.2.61 - - [02/Jun/2026:07:47:11 +0530] "GET /?items/X115395155/ HTTP/2" 500 3 "-" "meta-externalagent/1.1 (+https://developers.facebook.com/docs/sharing/webmasters/crawler)"
57.141.2.70 - - [02/Jun/2026:07:49:24 +0530] "GET /?items/X107947438/ HTTP/2" 500 3 "-" "meta-externalagent/1.1 (+https://developers.facebook.com/docs/sharing/webmasters/crawler)"
57.141.2.5 - - [02/Jun/2026:07:37:12 +0530] "GET /?items/X201963236/ HTTP/2" 500 3 "-" "meta-externalagent/1.1 (+https://developers.facebook.com/docs/sharing/webmasters/crawler)"
57.141.2.32 - - [02/Jun/2026:07:48:17 +0530] "GET /?items/X20372933/ HTTP/2" 500 3 "-" "meta-externalagent/1.1 (+https://developers.facebook.com/docs/sharing/webmasters/crawler)"
57.141.2.48 - - [02/Jun/2026:07:54:57 +0530] "GET /?items/X266125135/ HTTP/2" 500 3 "-" "meta-externalagent/1.1 (+https://developers.facebook.com/docs/sharing/webmasters/crawler)"
57.141.2.62 - - [02/Jun/2026:07:50:31 +0530] "GET /?items/X300388680/ HTTP/2" 500 3 "-" "meta-externalagent/1.1 (+https://developers.facebook.com/docs/sharing/webmasters/crawler)"
57.141.2.64 - - [02/Jun/2026:07:51:37 +0530] "GET /?items/X228495913/ HTTP/2" 500 3 "-" "meta-externalagent/1.1 (+https://developers.facebook.com/docs/sharing/webmasters/crawler)"
57.141.2.54 - - [02/Jun/2026:07:56:04 +0530] "GET /?items/X216234862/ HTTP/2" 500 3 "-" "meta-externalagent/1.1 (+https://developers.facebook.com/docs/sharing/webmasters/crawler)"
57.141.2.44 - - [02/Jun/2026:07:57:10 +0530] "GET /?items/X213888236/ HTTP/2" 500 3 "-" "meta-externalagent/1.1 (+https://developers.facebook.com/docs/sharing/webmasters/crawler)"
57.141.2.58 - - [02/Jun/2026:07:52:44 +0530] "GET /?items/X87210973/ HTTP/2" 500 3 "-" "meta-externalagent/1.1 (+https://developers.facebook.com/docs/sharing/webmasters/crawler)"
57.141.2.67 - - [02/Jun/2026:07:53:51 +0530] "GET /?items/X307221832/ HTTP/2" 500 3 "-" "meta-externalagent/1.1 (+https://developers.facebook.com/docs/sharing/webmasters/crawler)"
57.141.2.29 - - [02/Jun/2026:07:58:18 +0530] "GET /?items/X301033872/ HTTP/2" 500 3 "-" "meta-externalagent/1.1 (+https://developers.facebook.com/docs/sharing/webmasters/crawler)"
57.141.2.51 - - [02/Jun/2026:08:02:44 +0530] "GET /?items/X250725670/ HTTP/2" 500 3 "-" "meta-externalagent/1.1 (+https://developers.facebook.com/docs/sharing/webmasters/crawler)"
57.141.2.69 - - [02/Jun/2026:08:04:57 +0530] "GET /?items/X138615044/ HTTP/2" 500 3 "-" "meta-externalagent/1.1 (+https://developers.facebook.com/docs/sharing/webmasters/crawler)"
57.141.2.4 - - [02/Jun/2026:08:03:51 +0530] "GET /?items/X23650387/ HTTP/2" 500 3 "-" "meta-externalagent/1.1 (+https://developers.facebook.com/docs/sharing/webmasters/crawler)"
57.141.2.12 - - [02/Jun/2026:07:59:24 +0530] "GET /?items/X40540135/ HTTP/2" 500 3 "-" "meta-externalagent/1.1 (+https://developers.facebook.com/docs/sharing/webmasters/crawler)"
57.141.2.53 - - [02/Jun/2026:08:00:31 +0530] "GET /?items/X266704731/ HTTP/2" 500 3 "-" "meta-externalagent/1.1 (+https://developers.facebook.com/docs/sharing/webmasters/crawler)"
57.141.2.53 - - [02/Jun/2026:08:06:04 +0530] "GET /?items/X22953125/ HTTP/2" 500 3 "-" "meta-externalagent/1.1 (+https://developers.facebook.com/docs/sharing/webmasters/crawler)"
74.7.228.58 - - [02/Jun/2026:08:06:28 +0530] "GET /robots.txt HTTP/2" 200 144 "-" "Mozilla/5.0 (Macintosh; Intel Mac OS X 10_15_7) AppleWebKit/537.36 (KHTML, like Gecko) Chrome/131.0.0.0 Safari/537.36; compatible; OAI-SearchBot/1.4; robots.txt; +https://openai.com/searchbot"
57.141.2.64 - - [02/Jun/2026:08:01:37 +0530] "GET /?items/X275089468/ HTTP/2" 500 3 "-" "meta-externalagent/1.1 (+https://developers.facebook.com/docs/sharing/webmasters/crawler)"
57.141.2.42 - - [02/Jun/2026:08:07:11 +0530] "GET /?items/X195342509/ HTTP/2" 500 3 "-" "meta-externalagent/1.1 (+https://developers.facebook.com/docs/sharing/webmasters/crawler)"
57.141.2.10 - - [02/Jun/2026:08:08:17 +0530] "GET /?items/X27862731/ HTTP/2" 500 3 "-" "meta-externalagent/1.1 (+https://developers.facebook.com/docs/sharing/webmasters/crawler)"
57.141.2.46 - - [02/Jun/2026:08:09:24 +0530] "GET /?items/X131511781/ HTTP/2" 500 3 "-" "meta-externalagent/1.1 (+https://developers.facebook.com/docs/sharing/webmasters/crawler)"
57.141.2.11 - - [02/Jun/2026:08:13:50 +0530] "GET /?items/X175384650/ HTTP/2" 500 3 "-" "meta-externalagent/1.1 (+https://developers.facebook.com/docs/sharing/webmasters/crawler)"
57.141.2.58 - - [02/Jun/2026:08:16:04 +0530] "GET /?items/X115190630/ HTTP/2" 500 3 "-" "meta-externalagent/1.1 (+https://developers.facebook.com/docs/sharing/webmasters/crawler)"
57.141.2.23 - - [02/Jun/2026:08:22:44 +0530] "GET /?items/X100489468/ HTTP/2" 500 3 "-" "meta-externalagent/1.1 (+https://developers.facebook.com/docs/sharing/webmasters/crawler)"
57.141.2.15 - - [02/Jun/2026:08:10:30 +0530] "GET /?items/X169307529/ HTTP/2" 500 3 "-" "meta-externalagent/1.1 (+https://developers.facebook.com/docs/sharing/webmasters/crawler)"
57.141.2.39 - - [02/Jun/2026:08:11:37 +0530] "GET /?items/X46292933/ HTTP/2" 500 3 "-" "meta-externalagent/1.1 (+https://developers.facebook.com/docs/sharing/webmasters/crawler)"
57.141.2.62 - - [02/Jun/2026:08:12:44 +0530] "GET /?items/X282075832/ HTTP/2" 500 3 "-" "meta-externalagent/1.1 (+https://developers.facebook.com/docs/sharing/webmasters/crawler)"
57.141.2.14 - - [02/Jun/2026:08:14:57 +0530] "GET /?items/X309899226/ HTTP/2" 500 3 "-" "meta-externalagent/1.1 (+https://developers.facebook.com/docs/sharing/webmasters/crawler)"
66.249.74.106 - - [02/Jun/2026:08:15:36 +0530] "GET /?items/Z290362246/ HTTP/1.1" 200 25051 "-" "Mozilla/5.0 (Linux; Android 6.0.1; Nexus 5X Build/MMB29P) AppleWebKit/537.36 (KHTML, like Gecko) Chrome/148.0.7778.96 Mobile Safari/537.36 (compatible; GoogleOther)"
57.141.2.10 - - [02/Jun/2026:08:19:23 +0530] "GET /?items/X300404903/ HTTP/2" 500 3 "-" "meta-externalagent/1.1 (+https://developers.facebook.com/docs/sharing/webmasters/crawler)"
57.141.2.37 - - [02/Jun/2026:08:17:10 +0530] "GET /?items/X189028761/ HTTP/2" 500 3 "-" "meta-externalagent/1.1 (+https://developers.facebook.com/docs/sharing/webmasters/crawler)"
57.141.2.38 - - [02/Jun/2026:08:20:31 +0530] "GET /?items/X247540246/ HTTP/2" 500 3 "-" "meta-externalagent/1.1 (+https://developers.facebook.com/docs/sharing/webmasters/crawler)"
57.141.2.13 - - [02/Jun/2026:08:18:17 +0530] "GET /?items/X257170701/ HTTP/2" 500 3 "-" "meta-externalagent/1.1 (+https://developers.facebook.com/docs/sharing/webmasters/crawler)"
57.141.2.32 - - [02/Jun/2026:08:21:36 +0530] "GET /?items/X235675084/ HTTP/2" 500 3 "-" "meta-externalagent/1.1 (+https://developers.facebook.com/docs/sharing/webmasters/crawler)"
57.141.2.18 - - [02/Jun/2026:08:23:50 +0530] "GET /?items/X60471640/ HTTP/2" 500 3 "-" "meta-externalagent/1.1 (+https://developers.facebook.com/docs/sharing/webmasters/crawler)"
57.141.2.7 - - [02/Jun/2026:08:24:57 +0530] "GET /?items/X114872478/ HTTP/2" 500 3 "-" "meta-externalagent/1.1 (+https://developers.facebook.com/docs/sharing/webmasters/crawler)"
57.141.2.6 - - [02/Jun/2026:08:26:04 +0530] "GET /?items/X33947175/ HTTP/2" 500 3 "-" "meta-externalagent/1.1 (+https://developers.facebook.com/docs/sharing/webmasters/crawler)"
57.141.2.15 - - [02/Jun/2026:08:29:25 +0530] "GET /?items/X251019185/ HTTP/2" 500 3 "-" "meta-externalagent/1.1 (+https://developers.facebook.com/docs/sharing/webmasters/crawler)"
57.141.2.12 - - [02/Jun/2026:08:31:37 +0530] "GET /?items/X280000084/ HTTP/2" 500 3 "-" "meta-externalagent/1.1 (+https://developers.facebook.com/docs/sharing/webmasters/crawler)"
57.141.2.52 - - [02/Jun/2026:08:27:10 +0530] "GET /?items/X89577862/ HTTP/2" 500 3 "-" "meta-externalagent/1.1 (+https://developers.facebook.com/docs/sharing/webmasters/crawler)"
57.141.2.10 - - [02/Jun/2026:08:28:16 +0530] "GET /?items/X176781458/ HTTP/2" 500 3 "-" "meta-externalagent/1.1 (+https://developers.facebook.com/docs/sharing/webmasters/crawler)"
57.141.2.57 - - [02/Jun/2026:08:30:31 +0530] "GET /?items/X310730933/ HTTP/2" 500 3 "-" "meta-externalagent/1.1 (+https://developers.facebook.com/docs/sharing/webmasters/crawler)"
57.141.2.12 - - [02/Jun/2026:08:34:57 +0530] "GET /?items/X200317246/ HTTP/2" 500 3 "-" "meta-externalagent/1.1 (+https://developers.facebook.com/docs/sharing/webmasters/crawler)"
57.141.2.49 - - [02/Jun/2026:08:36:05 +0530] "GET /?items/X306801317/ HTTP/2" 500 3 "-" "meta-externalagent/1.1 (+https://developers.facebook.com/docs/sharing/webmasters/crawler)"
57.141.2.67 - - [02/Jun/2026:08:38:16 +0530] "GET /?items/X137546307/ HTTP/2" 500 3 "-" "meta-externalagent/1.1 (+https://developers.facebook.com/docs/sharing/webmasters/crawler)"
57.141.2.5 - - [02/Jun/2026:08:39:23 +0530] "GET /?items/X61677428/ HTTP/2" 500 3 "-" "meta-externalagent/1.1 (+https://developers.facebook.com/docs/sharing/webmasters/crawler)"
57.141.2.24 - - [02/Jun/2026:08:32:43 +0530] "GET /?items/X246694135/ HTTP/2" 500 3 "-" "meta-externalagent/1.1 (+https://developers.facebook.com/docs/sharing/webmasters/crawler)"
57.141.2.6 - - [02/Jun/2026:08:37:11 +0530] "GET /?items/X235759812/ HTTP/2" 500 3 "-" "meta-externalagent/1.1 (+https://developers.facebook.com/docs/sharing/webmasters/crawler)"
57.141.2.12 - - [02/Jun/2026:08:40:30 +0530] "GET /?items/X126738185/ HTTP/2" 500 3 "-" "meta-externalagent/1.1 (+https://developers.facebook.com/docs/sharing/webmasters/crawler)"
57.141.2.60 - - [02/Jun/2026:08:33:50 +0530] "GET /?items/X257682014/ HTTP/2" 500 3 "-" "meta-externalagent/1.1 (+https://developers.facebook.com/docs/sharing/webmasters/crawler)"
57.141.2.51 - - [02/Jun/2026:08:47:10 +0530] "GET /?items/X150004761/ HTTP/2" 500 3 "-" "meta-externalagent/1.1 (+https://developers.facebook.com/docs/sharing/webmasters/crawler)"
57.141.2.65 - - [02/Jun/2026:08:48:17 +0530] "GET /?items/X56380701/ HTTP/2" 500 3 "-" "meta-externalagent/1.1 (+https://developers.facebook.com/docs/sharing/webmasters/crawler)"
57.141.2.53 - - [02/Jun/2026:08:49:24 +0530] "GET /?items/X162110660/ HTTP/2" 500 3 "-" "meta-externalagent/1.1 (+https://developers.facebook.com/docs/sharing/webmasters/crawler)"
57.141.2.4 - - [02/Jun/2026:08:42:44 +0530] "GET /?items/X298409822/ HTTP/2" 500 3 "-" "meta-externalagent/1.1 (+https://developers.facebook.com/docs/sharing/webmasters/crawler)"
57.141.2.53 - - [02/Jun/2026:08:44:57 +0530] "GET /?items/X84393206/ HTTP/2" 500 3 "-" "meta-externalagent/1.1 (+https://developers.facebook.com/docs/sharing/webmasters/crawler)"
45.147.8.162 - - [02/Jun/2026:08:45:04 +0530] "HEAD /wp-login.php HTTP/1.1" 500 0 "-" "Mozilla/5.0 (Windows NT 10.0; Win64; x64) AppleWebKit/537.36 (KHTML, like Gecko) Chrome/120.0.0.0 Safari/537.36"
57.141.2.2 - - [02/Jun/2026:08:46:03 +0530] "GET /?items/X43861024/ HTTP/2" 500 3 "-" "meta-externalagent/1.1 (+https://developers.facebook.com/docs/sharing/webmasters/crawler)"
57.141.2.37 - - [02/Jun/2026:08:41:37 +0530] "GET /?items/X52702408/ HTTP/2" 500 3 "-" "meta-externalagent/1.1 (+https://developers.facebook.com/docs/sharing/webmasters/crawler)"
57.141.2.57 - - [02/Jun/2026:08:43:51 +0530] "GET /?items/X46981438/ HTTP/2" 500 3 "-" "meta-externalagent/1.1 (+https://developers.facebook.com/docs/sharing/webmasters/crawler)"
45.147.8.162 - - [02/Jun/2026:08:45:03 +0530] "GET /?yith-sanitize-preffered=1&_=1780370103177161900 HTTP/1.1" 500 23 "-" "Mozilla/5.0 (Windows NT 10.0; Win64; x64) AppleWebKit/537.36 (KHTML, like Gecko) Chrome/120.0.0.0 Safari/537.36"
57.141.2.35 - - [02/Jun/2026:08:52:43 +0530] "GET /?items/X46357387/ HTTP/2" 500 3 "-" "meta-externalagent/1.1 (+https://developers.facebook.com/docs/sharing/webmasters/crawler)"
57.141.2.30 - - [02/Jun/2026:08:53:50 +0530] "GET /?items/X164176165/ HTTP/2" 500 3 "-" "meta-externalagent/1.1 (+https://developers.facebook.com/docs/sharing/webmasters/crawler)"
57.141.2.50 - - [02/Jun/2026:08:51:38 +0530] "GET /?items/X134423307/ HTTP/2" 500 3 "-" "meta-externalagent/1.1 (+https://developers.facebook.com/docs/sharing/webmasters/crawler)"
57.141.2.42 - - [02/Jun/2026:08:54:56 +0530] "GET /?items/X294760549/ HTTP/2" 500 3 "-" "meta-externalagent/1.1 (+https://developers.facebook.com/docs/sharing/webmasters/crawler)"
57.141.2.10 - - [02/Jun/2026:08:57:10 +0530] "GET /?items/X153072206/ HTTP/2" 500 3 "-" "meta-externalagent/1.1 (+https://developers.facebook.com/docs/sharing/webmasters/crawler)"
57.141.2.52 - - [02/Jun/2026:08:58:17 +0530] "GET /?items/X158499862/ HTTP/2" 500 3 "-" "meta-externalagent/1.1 (+https://developers.facebook.com/docs/sharing/webmasters/crawler)"
57.141.2.42 - - [02/Jun/2026:08:50:30 +0530] "GET /?items/X123589872/ HTTP/2" 500 3 "-" "meta-externalagent/1.1 (+https://developers.facebook.com/docs/sharing/webmasters/crawler)"
66.249.74.105 - - [02/Jun/2026:08:57:17 +0530] "GET /?contents/event/kansyasai/ HTTP/1.1" 200 23990 "-" "Mozilla/5.0 (Linux; Android 6.0.1; Nexus 5X Build/MMB29P) AppleWebKit/537.36 (KHTML, like Gecko) Chrome/148.0.7778.96 Mobile Safari/537.36 (compatible; Googlebot/2.1; +http://www.google.com/bot.html)"
57.141.2.44 - - [02/Jun/2026:08:56:05 +0530] "GET /?items/X182932408/ HTTP/2" 500 3 "-" "meta-externalagent/1.1 (+https://developers.facebook.com/docs/sharing/webmasters/crawler)"
57.141.2.27 - - [02/Jun/2026:08:59:24 +0530] "GET /?items/X175211963/ HTTP/2" 500 3 "-" "meta-externalagent/1.1 (+https://developers.facebook.com/docs/sharing/webmasters/crawler)"
57.141.2.47 - - [02/Jun/2026:09:02:44 +0530] "GET /?items/X87054509/ HTTP/2" 500 3 "-" "meta-externalagent/1.1 (+https://developers.facebook.com/docs/sharing/webmasters/crawler)"
57.141.2.30 - - [02/Jun/2026:09:04:58 +0530] "GET /?items/X182426822/ HTTP/2" 500 3 "-" "meta-externalagent/1.1 (+https://developers.facebook.com/docs/sharing/webmasters/crawler)"
57.141.2.70 - - [02/Jun/2026:09:07:10 +0530] "GET /?items/X251279064/ HTTP/2" 500 3 "-" "meta-externalagent/1.1 (+https://developers.facebook.com/docs/sharing/webmasters/crawler)"
57.141.2.30 - - [02/Jun/2026:09:00:31 +0530] "GET /?items/X233766539/ HTTP/2" 500 3 "-" "meta-externalagent/1.1 (+https://developers.facebook.com/docs/sharing/webmasters/crawler)"
57.141.2.27 - - [02/Jun/2026:09:01:36 +0530] "GET /?items/X155753175/ HTTP/2" 500 3 "-" "meta-externalagent/1.1 (+https://developers.facebook.com/docs/sharing/webmasters/crawler)"
57.141.2.10 - - [02/Jun/2026:09:06:04 +0530] "GET /?items/X153672266/ HTTP/2" 500 3 "-" "meta-externalagent/1.1 (+https://developers.facebook.com/docs/sharing/webmasters/crawler)"
57.141.2.7 - - [02/Jun/2026:09:03:50 +0530] "GET /?items/X151655145/ HTTP/2" 500 3 "-" "meta-externalagent/1.1 (+https://developers.facebook.com/docs/sharing/webmasters/crawler)"
57.141.2.24 - - [02/Jun/2026:09:08:17 +0530] "GET /?items/X148652418/ HTTP/2" 500 3 "-" "meta-externalagent/1.1 (+https://developers.facebook.com/docs/sharing/webmasters/crawler)"
57.141.2.13 - - [02/Jun/2026:09:09:23 +0530] "GET /?items/X100298771/ HTTP/2" 500 3 "-" "meta-externalagent/1.1 (+https://developers.facebook.com/docs/sharing/webmasters/crawler)"
66.249.74.106 - - [02/Jun/2026:09:10:19 +0530] "GET /?items/V140032216/ HTTP/1.1" 200 23134 "-" "Mozilla/5.0 (Linux; Android 6.0.1; Nexus 5X Build/MMB29P) AppleWebKit/537.36 (KHTML, like Gecko) Chrome/148.0.7778.96 Mobile Safari/537.36 (compatible; GoogleOther)"
57.141.2.10 - - [02/Jun/2026:09:11:37 +0530] "GET /?items/X29662842/ HTTP/2" 500 3 "-" "meta-externalagent/1.1 (+https://developers.facebook.com/docs/sharing/webmasters/crawler)"
69.171.231.23 - - [02/Jun/2026:09:13:50 +0530] "GET /robots.txt HTTP/2" 206 1070 "-" "facebookexternalhit/1.1 (+http://www.facebook.com/externalhit_uatext.php)"
57.141.2.70 - - [02/Jun/2026:09:14:56 +0530] "GET /?items/X19698155/ HTTP/2" 500 3 "-" "meta-externalagent/1.1 (+https://developers.facebook.com/docs/sharing/webmasters/crawler)"
57.141.2.52 - - [02/Jun/2026:09:12:43 +0530] "GET /?items/X303116478/ HTTP/2" 500 3 "-" "meta-externalagent/1.1 (+https://developers.facebook.com/docs/sharing/webmasters/crawler)"
57.141.2.41 - - [02/Jun/2026:09:13:52 +0530] "GET /?items/X194064721/ HTTP/2" 500 3 "-" "meta-externalagent/1.1 (+https://developers.facebook.com/docs/sharing/webmasters/crawler)"
57.141.2.30 - - [02/Jun/2026:09:10:30 +0530] "GET /?items/X259122014/ HTTP/2" 500 3 "-" "meta-externalagent/1.1 (+https://developers.facebook.com/docs/sharing/webmasters/crawler)"
69.171.231.1 - - [02/Jun/2026:09:13:51 +0530] "GET /robots.txt HTTP/2" 206 1070 "-" "facebookexternalhit/1.1 (+http://www.facebook.com/externalhit_uatext.php)"
57.141.2.9 - - [02/Jun/2026:09:19:02 +0530] "GET /?items/X236093034/ HTTP/2" 500 3 "-" "meta-externalagent/1.1 (+https://developers.facebook.com/docs/sharing/webmasters/crawler)"
69.171.231.29 - - [02/Jun/2026:09:19:06 +0530] "GET /robots.txt HTTP/2" 206 1070 "-" "facebookexternalhit/1.1 (+http://www.facebook.com/externalhit_uatext.php)"
57.141.2.6 - - [02/Jun/2026:09:19:07 +0530] "GET /?items/X57213185/ HTTP/2" 500 3 "-" "meta-externalagent/1.1 (+https://developers.facebook.com/docs/sharing/webmasters/crawler)"
57.141.2.69 - - [02/Jun/2026:09:19:23 +0530] "GET /?items/X99110337/ HTTP/2" 500 3 "-" "meta-externalagent/1.1 (+https://developers.facebook.com/docs/sharing/webmasters/crawler)"
66.249.74.105 - - [02/Jun/2026:09:21:01 +0530] "GET /?items/H95577721/ HTTP/1.1" 200 23000 "-" "Mozilla/5.0 (Linux; Android 6.0.1; Nexus 5X Build/MMB29P) AppleWebKit/537.36 (KHTML, like Gecko) Chrome/148.0.7778.96 Mobile Safari/537.36 (compatible; GoogleOther)"
66.249.74.104 - - [02/Jun/2026:09:21:24 +0530] "GET /?items/H51557367/ HTTP/1.1" 200 23167 "-" "Mozilla/5.0 (Linux; Android 6.0.1; Nexus 5X Build/MMB29P) AppleWebKit/537.36 (KHTML, like Gecko) Chrome/148.0.7778.96 Mobile Safari/537.36 (compatible; GoogleOther)"
66.249.74.104 - - [02/Jun/2026:09:21:28 +0530] "GET /?items/H113156307/ HTTP/1.1" 200 22593 "-" "Mozilla/5.0 (Linux; Android 6.0.1; Nexus 5X Build/MMB29P) AppleWebKit/537.36 (KHTML, like Gecko) Chrome/148.0.7778.96 Mobile Safari/537.36 (compatible; GoogleOther)"
57.141.2.42 - - [02/Jun/2026:09:23:50 +0530] "GET /?items/X212263953/ HTTP/2" 500 3 "-" "meta-externalagent/1.1 (+https://developers.facebook.com/docs/sharing/webmasters/crawler)"
57.141.2.21 - - [02/Jun/2026:09:29:24 +0530] "GET /?items/X40585812/ HTTP/2" 500 3 "-" "meta-externalagent/1.1 (+https://developers.facebook.com/docs/sharing/webmasters/crawler)"
57.141.2.10 - - [02/Jun/2026:09:19:11 +0530] "GET /?items/X190081438/ HTTP/2" 500 3 "-" "meta-externalagent/1.1 (+https://developers.facebook.com/docs/sharing/webmasters/crawler)"
57.141.2.47 - - [02/Jun/2026:09:19:18 +0530] "GET /?items/X180071963/ HTTP/2" 500 3 "-" "meta-externalagent/1.1 (+https://developers.facebook.com/docs/sharing/webmasters/crawler)"
66.249.74.104 - - [02/Jun/2026:09:20:07 +0530] "GET /?items/H79192761/ HTTP/1.1" 200 22715 "-" "Mozilla/5.0 (Linux; Android 6.0.1; Nexus 5X Build/MMB29P) AppleWebKit/537.36 (KHTML, like Gecko) Chrome/148.0.7778.96 Mobile Safari/537.36 (compatible; GoogleOther)"
57.141.2.21 - - [02/Jun/2026:09:27:10 +0530] "GET /?items/X159904216/ HTTP/2" 500 3 "-" "meta-externalagent/1.1 (+https://developers.facebook.com/docs/sharing/webmasters/crawler)"
57.141.2.26 - - [02/Jun/2026:09:31:48 +0530] "GET /?items/X312854256/ HTTP/2" 500 3 "-" "meta-externalagent/1.1 (+https://developers.facebook.com/docs/sharing/webmasters/crawler)"
57.141.2.31 - - [02/Jun/2026:09:16:04 +0530] "GET /?items/X197978711/ HTTP/2" 500 3 "-" "meta-externalagent/1.1 (+https://developers.facebook.com/docs/sharing/webmasters/crawler)"
57.141.2.39 - - [02/Jun/2026:09:20:31 +0530] "GET /?items/X112809670/ HTTP/2" 500 3 "-" "meta-externalagent/1.1 (+https://developers.facebook.com/docs/sharing/webmasters/crawler)"
57.141.2.10 - - [02/Jun/2026:09:24:57 +0530] "GET /?items/X75431559/ HTTP/2" 500 3 "-" "meta-externalagent/1.1 (+https://developers.facebook.com/docs/sharing/webmasters/crawler)"
57.141.2.20 - - [02/Jun/2026:09:28:16 +0530] "GET /?items/X47105630/ HTTP/2" 500 3 "-" "meta-externalagent/1.1 (+https://developers.facebook.com/docs/sharing/webmasters/crawler)"
57.141.2.62 - - [02/Jun/2026:09:30:30 +0530] "GET /?items/X228435377/ HTTP/2" 500 3 "-" "meta-externalagent/1.1 (+https://developers.facebook.com/docs/sharing/webmasters/crawler)"
57.141.2.1 - - [02/Jun/2026:09:17:11 +0530] "GET /?sitemap659.xml HTTP/2" 200 119367 "-" "meta-externalagent/1.1 (+https://developers.facebook.com/docs/sharing/webmasters/crawler)"
57.141.2.39 - - [02/Jun/2026:09:18:17 +0530] "GET /?items/X227812680/ HTTP/2" 500 3 "-" "meta-externalagent/1.1 (+https://developers.facebook.com/docs/sharing/webmasters/crawler)"
57.141.2.56 - - [02/Jun/2026:09:18:57 +0530] "GET /?items/X147692115/ HTTP/2" 500 3 "-" "meta-externalagent/1.1 (+https://developers.facebook.com/docs/sharing/webmasters/crawler)"
69.171.231.2 - - [02/Jun/2026:09:19:06 +0530] "GET /robots.txt HTTP/2" 206 1070 "-" "facebookexternalhit/1.1 (+http://www.facebook.com/externalhit_uatext.php)"
66.249.74.105 - - [02/Jun/2026:09:20:14 +0530] "GET /?items/R94489953/ HTTP/1.1" 200 22993 "-" "Mozilla/5.0 (Linux; Android 6.0.1; Nexus 5X Build/MMB29P) AppleWebKit/537.36 (KHTML, like Gecko) Chrome/148.0.7778.96 Mobile Safari/537.36 (compatible; GoogleOther)"
66.249.74.104 - - [02/Jun/2026:09:20:35 +0530] "GET /?items/H42088701/ HTTP/1.1" 200 23189 "-" "Mozilla/5.0 (Linux; Android 6.0.1; Nexus 5X Build/MMB29P) AppleWebKit/537.36 (KHTML, like Gecko) Chrome/148.0.7778.96 Mobile Safari/537.36 (compatible; GoogleOther)"
66.249.74.104 - - [02/Jun/2026:09:21:15 +0530] "GET /?items/N18683963/ HTTP/1.1" 200 23243 "-" "Mozilla/5.0 (Linux; Android 6.0.1; Nexus 5X Build/MMB29P) AppleWebKit/537.36 (KHTML, like Gecko) Chrome/148.0.7778.96 Mobile Safari/537.36 (compatible; GoogleOther)"
57.141.2.10 - - [02/Jun/2026:09:21:37 +0530] "GET /?items/X131881812/ HTTP/2" 500 3 "-" "meta-externalagent/1.1 (+https://developers.facebook.com/docs/sharing/webmasters/crawler)"
66.249.74.104 - - [02/Jun/2026:09:21:57 +0530] "GET /?items/H59232670/ HTTP/1.1" 200 22713 "-" "Mozilla/5.0 (Linux; Android 6.0.1; Nexus 5X Build/MMB29P) AppleWebKit/537.36 (KHTML, like Gecko) Chrome/148.0.7778.96 Mobile Safari/537.36 (compatible; GoogleOther)"
57.141.2.10 - - [02/Jun/2026:09:22:44 +0530] "GET /?items/X159912973/ HTTP/2" 500 3 "-" "meta-externalagent/1.1 (+https://developers.facebook.com/docs/sharing/webmasters/crawler)"
57.141.2.10 - - [02/Jun/2026:09:26:03 +0530] "GET /?items/X286049226/ HTTP/2" 500 3 "-" "meta-externalagent/1.1 (+https://developers.facebook.com/docs/sharing/webmasters/crawler)"
57.141.2.5 - - [02/Jun/2026:09:33:53 +0530] "GET /?items/X22169559/ HTTP/2" 500 3 "-" "meta-externalagent/1.1 (+https://developers.facebook.com/docs/sharing/webmasters/crawler)"
57.141.2.25 - - [02/Jun/2026:09:39:24 +0530] "GET /?items/X143173105/ HTTP/2" 500 3 "-" "meta-externalagent/1.1 (+https://developers.facebook.com/docs/sharing/webmasters/crawler)"
57.141.2.37 - - [02/Jun/2026:09:46:04 +0530] "GET /?items/X108381569/ HTTP/2" 500 3 "-" "meta-externalagent/1.1 (+https://developers.facebook.com/docs/sharing/webmasters/crawler)"
57.141.2.45 - - [02/Jun/2026:09:35:13 +0530] "GET /?items/X21342569/ HTTP/2" 500 3 "-" "meta-externalagent/1.1 (+https://developers.facebook.com/docs/sharing/webmasters/crawler)"
57.141.2.53 - - [02/Jun/2026:09:40:50 +0530] "GET /?items/X261136084/ HTTP/2" 500 3 "-" "meta-externalagent/1.1 (+https://developers.facebook.com/docs/sharing/webmasters/crawler)"
69.171.231.29 - - [02/Jun/2026:09:41:37 +0530] "GET /robots.txt HTTP/2" 206 1070 "-" "facebookexternalhit/1.1 (+http://www.facebook.com/externalhit_uatext.php)"
57.141.2.54 - - [02/Jun/2026:09:48:19 +0530] "GET /?items/X273239175/ HTTP/2" 500 3 "-" "meta-externalagent/1.1 (+https://developers.facebook.com/docs/sharing/webmasters/crawler)"
57.141.2.10 - - [02/Jun/2026:09:32:44 +0530] "GET /?items/X211267216/ HTTP/2" 500 3 "-" "meta-externalagent/1.1 (+https://developers.facebook.com/docs/sharing/webmasters/crawler)"
57.141.2.10 - - [02/Jun/2026:09:41:38 +0530] "GET /?items/X259350509/ HTTP/2" 500 3 "-" "meta-externalagent/1.1 (+https://developers.facebook.com/docs/sharing/webmasters/crawler)"
57.141.2.64 - - [02/Jun/2026:09:47:12 +0530] "GET /?items/X201817438/ HTTP/2" 500 3 "-" "meta-externalagent/1.1 (+https://developers.facebook.com/docs/sharing/webmasters/crawler)"
57.141.2.45 - - [02/Jun/2026:10:00:32 +0530] "GET /?items/X164464953/ HTTP/2" 500 3 "-" "meta-externalagent/1.1 (+https://developers.facebook.com/docs/sharing/webmasters/crawler)"
57.141.2.25 - - [02/Jun/2026:10:02:54 +0530] "GET /?items/X72227115/ HTTP/2" 200 0 "-" "meta-externalagent/1.1 (+https://developers.facebook.com/docs/sharing/webmasters/crawler)"
57.141.2.10 - - [02/Jun/2026:10:04:10 +0530] "GET /?items/X62344983/ HTTP/2" 500 3 "-" "meta-externalagent/1.1 (+https://developers.facebook.com/docs/sharing/webmasters/crawler)"
57.141.2.24 - - [02/Jun/2026:09:56:13 +0530] "GET /?items/X225452004/ HTTP/2" 200 0 "-" "meta-externalagent/1.1 (+https://developers.facebook.com/docs/sharing/webmasters/crawler)"
57.141.2.18 - - [02/Jun/2026:10:01:44 +0530] "GET /?items/X121795842/ HTTP/2" 200 0 "-" "meta-externalagent/1.1 (+https://developers.facebook.com/docs/sharing/webmasters/crawler)"
57.141.2.10 - - [02/Jun/2026:10:05:00 +0530] "GET /?items/X274801701/ HTTP/2" 500 3 "-" "meta-externalagent/1.1 (+https://developers.facebook.com/docs/sharing/webmasters/crawler)"
57.141.2.28 - - [02/Jun/2026:10:08:17 +0530] "GET /?items/X282563418/ HTTP/2" 500 3 "-" "meta-externalagent/1.1 (+https://developers.facebook.com/docs/sharing/webmasters/crawler)"
57.141.2.12 - - [02/Jun/2026:10:10:30 +0530] "GET /?items/X30267539/ HTTP/2" 500 3 "-" "meta-externalagent/1.1 (+https://developers.facebook.com/docs/sharing/webmasters/crawler)"
57.141.2.42 - - [02/Jun/2026:10:11:37 +0530] "GET /?items/X249801832/ HTTP/2" 500 3 "-" "meta-externalagent/1.1 (+https://developers.facebook.com/docs/sharing/webmasters/crawler)"
57.141.2.36 - - [02/Jun/2026:10:13:51 +0530] "GET /?items/X293437438/ HTTP/2" 500 3 "-" "meta-externalagent/1.1 (+https://developers.facebook.com/docs/sharing/webmasters/crawler)"
57.141.2.41 - - [02/Jun/2026:10:14:57 +0530] "GET /?items/X104102307/ HTTP/2" 500 3 "-" "meta-externalagent/1.1 (+https://developers.facebook.com/docs/sharing/webmasters/crawler)"
57.141.2.10 - - [02/Jun/2026:10:19:24 +0530] "GET /?items/X120087539/ HTTP/2" 500 3 "-" "meta-externalagent/1.1 (+https://developers.facebook.com/docs/sharing/webmasters/crawler)"
57.141.2.9 - - [02/Jun/2026:10:16:04 +0530] "GET /?items/X115321812/ HTTP/2" 500 3 "-" "meta-externalagent/1.1 (+https://developers.facebook.com/docs/sharing/webmasters/crawler)"
66.249.74.105 - - [02/Jun/2026:10:17:15 +0530] "GET /?items/H110699175/ HTTP/1.1" 200 22451 "-" "Mozilla/5.0 (Linux; Android 6.0.1; Nexus 5X Build/MMB29P) AppleWebKit/537.36 (KHTML, like Gecko) Chrome/148.0.7778.96 Mobile Safari/537.36 (compatible; GoogleOther)"
57.141.2.55 - - [02/Jun/2026:10:18:18 +0530] "GET /?items/X143983983/ HTTP/2" 500 3 "-" "meta-externalagent/1.1 (+https://developers.facebook.com/docs/sharing/webmasters/crawler)"
57.141.2.29 - - [02/Jun/2026:10:09:23 +0530] "GET /?items/X26911105/ HTTP/2" 500 3 "-" "meta-externalagent/1.1 (+https://developers.facebook.com/docs/sharing/webmasters/crawler)"
57.141.2.10 - - [02/Jun/2026:10:12:44 +0530] "GET /?items/X55216438/ HTTP/2" 500 3 "-" "meta-externalagent/1.1 (+https://developers.facebook.com/docs/sharing/webmasters/crawler)"
57.141.2.37 - - [02/Jun/2026:10:17:10 +0530] "GET /?items/X127101670/ HTTP/2" 500 3 "-" "meta-externalagent/1.1 (+https://developers.facebook.com/docs/sharing/webmasters/crawler)"
57.141.2.4 - - [02/Jun/2026:10:20:32 +0530] "GET /?items/X175859529/ HTTP/2" 500 3 "-" "meta-externalagent/1.1 (+https://developers.facebook.com/docs/sharing/webmasters/crawler)"
57.141.2.31 - - [02/Jun/2026:10:21:38 +0530] "GET /?items/X64859711/ HTTP/2" 500 3 "-" "meta-externalagent/1.1 (+https://developers.facebook.com/docs/sharing/webmasters/crawler)"
172.83.255.65 - - [02/Jun/2026:10:06:11 +0530] "GET /?get_image_products-ship=1&_=1780374970374563300 HTTP/1.1" 500 23 "-" "Mozilla/5.0 (Windows NT 10.0; Win64; x64) AppleWebKit/537.36 (KHTML, like Gecko) Chrome/120.0.0.0 Safari/537.36"
66.249.74.104 - - [02/Jun/2026:10:17:53 +0530] "GET /?items/H110699175/ HTTP/1.1" 200 22451 "-" "Mozilla/5.0 (Linux; Android 6.0.1; Nexus 5X Build/MMB29P) AppleWebKit/537.36 (KHTML, like Gecko) Chrome/148.0.7778.96 Mobile Safari/537.36 (compatible; Googlebot/2.1; +http://www.google.com/bot.html)"
57.141.2.5 - - [02/Jun/2026:10:22:44 +0530] "GET /?items/X92780741/ HTTP/2" 500 3 "-" "meta-externalagent/1.1 (+https://developers.facebook.com/docs/sharing/webmasters/crawler)"
57.141.2.41 - - [02/Jun/2026:10:23:51 +0530] "GET /?items/X99276266/ HTTP/2" 500 3 "-" "meta-externalagent/1.1 (+https://developers.facebook.com/docs/sharing/webmasters/crawler)"
57.141.2.40 - - [02/Jun/2026:10:29:24 +0530] "GET /?items/X220943882/ HTTP/2" 500 3 "-" "meta-externalagent/1.1 (+https://developers.facebook.com/docs/sharing/webmasters/crawler)"
57.141.2.64 - - [02/Jun/2026:10:26:04 +0530] "GET /?items/X147320630/ HTTP/2" 500 3 "-" "meta-externalagent/1.1 (+https://developers.facebook.com/docs/sharing/webmasters/crawler)"
57.141.2.6 - - [02/Jun/2026:10:27:14 +0530] "GET /?items/X38841610/ HTTP/2" 500 3 "-" "meta-externalagent/1.1 (+https://developers.facebook.com/docs/sharing/webmasters/crawler)"
57.141.2.15 - - [02/Jun/2026:10:28:17 +0530] "GET /?items/X129142872/ HTTP/2" 500 3 "-" "meta-externalagent/1.1 (+https://developers.facebook.com/docs/sharing/webmasters/crawler)"
57.141.2.10 - - [02/Jun/2026:10:30:30 +0530] "GET /?items/X180915509/ HTTP/2" 500 3 "-" "meta-externalagent/1.1 (+https://developers.facebook.com/docs/sharing/webmasters/crawler)"
Copyright ©2021 || Defacer Indonesia